{"version":"1.0","provider_name":"Yann Arthus-Bertrand","provider_url":"https:\/\/www.yannarthusbertrandphoto.com\/fr\/","author_name":"arthur","author_url":"https:\/\/www.yannarthusbertrandphoto.com\/fr\/author\/arthur\/","title":"Bois, Su\u00e8de - Yann Arthus-Bertrand Photographie","type":"rich","width":600,"height":338,"html":"<blockquote class=\"wp-embedded-content\" data-secret=\"MTl0Tok1BC\"><a href=\"https:\/\/www.yannarthusbertrandphoto.com\/fr\/produit\/bois\/\">Bois<\/a><\/blockquote><iframe sandbox=\"allow-scripts\" security=\"restricted\" src=\"https:\/\/www.yannarthusbertrandphoto.com\/fr\/produit\/bois\/embed\/#?secret=MTl0Tok1BC\" width=\"600\" height=\"338\" title=\"\u00ab\u00a0Bois\u00a0\u00bb &#8212; Yann Arthus-Bertrand\" data-secret=\"MTl0Tok1BC\" frameborder=\"0\" marginwidth=\"0\" marginheight=\"0\" scrolling=\"no\" class=\"wp-embedded-content\"><\/iframe><script type=\"text\/javascript\">\n\/*! This file is auto-generated *\/\n!function(c,d){\"use strict\";var e=!1,o=!1;if(d.querySelector)if(c.addEventListener)e=!0;if(c.wp=c.wp||{},c.wp.receiveEmbedMessage);else if(c.wp.receiveEmbedMessage=function(e){var t=e.data;if(!t);else if(!(t.secret||t.message||t.value));else if(\/[^a-zA-Z0-9]\/.test(t.secret));else{for(var r,s,a,i=d.querySelectorAll('iframe[data-secret=\"'+t.secret+'\"]'),n=d.querySelectorAll('blockquote[data-secret=\"'+t.secret+'\"]'),o=new RegExp(\"^https?:$\",\"i\"),l=0;l<n.length;l++)n[l].style.display=\"none\";for(l=0;l<i.length;l++)if(r=i[l],e.source!==r.contentWindow);else{if(r.removeAttribute(\"style\"),\"height\"===t.message){if(1e3<(s=parseInt(t.value,10)))s=1e3;else if(~~s<200)s=200;r.height=s}if(\"link\"===t.message)if(s=d.createElement(\"a\"),a=d.createElement(\"a\"),s.href=r.getAttribute(\"src\"),a.href=t.value,!o.test(a.protocol));else if(a.host===s.host)if(d.activeElement===r)c.top.location.href=t.value}}},e)c.addEventListener(\"message\",c.wp.receiveEmbedMessage,!1),d.addEventListener(\"DOMContentLoaded\",t,!1),c.addEventListener(\"load\",t,!1);function t(){if(o);else{o=!0;for(var e,t,r,s=-1!==navigator.appVersion.indexOf(\"MSIE 10\"),a=!!navigator.userAgent.match(\/Trident.*rv:11\\.\/),i=d.querySelectorAll(\"iframe.wp-embedded-content\"),n=0;n<i.length;n++){if(!(r=(t=i[n]).getAttribute(\"data-secret\")))r=Math.random().toString(36).substr(2,10),t.src+=\"#?secret=\"+r,t.setAttribute(\"data-secret\",r);if(s||a)(e=t.cloneNode(!0)).removeAttribute(\"security\"),t.parentNode.replaceChild(e,t);t.contentWindow.postMessage({message:\"ready\",secret:r},\"*\")}}}}(window,document);\n<\/script>\n","thumbnail_url":"https:\/\/www.yannarthusbertrandphoto.com\/wp-content\/uploads\/2018\/04\/yab_sude_bois_yann-arthus-bertrand-photographie.jpeg","thumbnail_width":2000,"thumbnail_height":1333,"description":"Malgr\u00e9 les efforts men\u00e9s depuis trente ans par les neuf pays riverains de la mer Baltique pour r\u00e9duire sa pollution, l\u2019\u00e9tat de ce bassin presque clos, qui communique faiblement avec la mer du Nord par les d\u00e9troits danois, reste pr\u00e9occupant."}

Bois, Suède - Yann Arthus-Bertrand Photographie

Malgré les efforts menés depuis trente ans par les neuf pays riverains de la mer Baltique pour réduire sa pollution, l’état de ce bassin presque clos, qui communique faiblement avec la mer du Nord par les détroits danois, reste préoccupant.
