{"version":"1.0","provider_name":"Yann Arthus-Bertrand","provider_url":"https:\/\/www.yannarthusbertrandphoto.com\/fr\/","author_name":"colin","author_url":"https:\/\/www.yannarthusbertrandphoto.com\/fr\/author\/colin\/","title":"Mar\u00e9cage - Yann Arthus-Bertrand Photographie","type":"rich","width":600,"height":338,"html":"<blockquote class=\"wp-embedded-content\" data-secret=\"QhtqjvMZKU\"><a href=\"https:\/\/www.yannarthusbertrandphoto.com\/fr\/produit\/marecage-afrique-du-sud\/\">Mar\u00e9cage<\/a><\/blockquote><iframe sandbox=\"allow-scripts\" security=\"restricted\" src=\"https:\/\/www.yannarthusbertrandphoto.com\/fr\/produit\/marecage-afrique-du-sud\/embed\/#?secret=QhtqjvMZKU\" width=\"600\" height=\"338\" title=\"\u00ab\u00a0Mar\u00e9cage\u00a0\u00bb &#8212; Yann Arthus-Bertrand\" data-secret=\"QhtqjvMZKU\" frameborder=\"0\" marginwidth=\"0\" marginheight=\"0\" scrolling=\"no\" class=\"wp-embedded-content\"><\/iframe><script type=\"text\/javascript\">\n\/*! This file is auto-generated *\/\n!function(c,d){\"use strict\";var e=!1,o=!1;if(d.querySelector)if(c.addEventListener)e=!0;if(c.wp=c.wp||{},c.wp.receiveEmbedMessage);else if(c.wp.receiveEmbedMessage=function(e){var t=e.data;if(!t);else if(!(t.secret||t.message||t.value));else if(\/[^a-zA-Z0-9]\/.test(t.secret));else{for(var r,s,a,i=d.querySelectorAll('iframe[data-secret=\"'+t.secret+'\"]'),n=d.querySelectorAll('blockquote[data-secret=\"'+t.secret+'\"]'),o=new RegExp(\"^https?:$\",\"i\"),l=0;l<n.length;l++)n[l].style.display=\"none\";for(l=0;l<i.length;l++)if(r=i[l],e.source!==r.contentWindow);else{if(r.removeAttribute(\"style\"),\"height\"===t.message){if(1e3<(s=parseInt(t.value,10)))s=1e3;else if(~~s<200)s=200;r.height=s}if(\"link\"===t.message)if(s=d.createElement(\"a\"),a=d.createElement(\"a\"),s.href=r.getAttribute(\"src\"),a.href=t.value,!o.test(a.protocol));else if(a.host===s.host)if(d.activeElement===r)c.top.location.href=t.value}}},e)c.addEventListener(\"message\",c.wp.receiveEmbedMessage,!1),d.addEventListener(\"DOMContentLoaded\",t,!1),c.addEventListener(\"load\",t,!1);function t(){if(o);else{o=!0;for(var e,t,r,s=-1!==navigator.appVersion.indexOf(\"MSIE 10\"),a=!!navigator.userAgent.match(\/Trident.*rv:11\\.\/),i=d.querySelectorAll(\"iframe.wp-embedded-content\"),n=0;n<i.length;n++){if(!(r=(t=i[n]).getAttribute(\"data-secret\")))r=Math.random().toString(36).substr(2,10),t.src+=\"#?secret=\"+r,t.setAttribute(\"data-secret\",r);if(s||a)(e=t.cloneNode(!0)).removeAttribute(\"security\"),t.parentNode.replaceChild(e,t);t.contentWindow.postMessage({message:\"ready\",secret:r},\"*\")}}}}(window,document);\n<\/script>\n","thumbnail_url":"https:\/\/www.yannarthusbertrandphoto.com\/wp-content\/uploads\/2017\/12\/expo-tvdc-429.jpg","thumbnail_width":2000,"thumbnail_height":1333,"description":"Au nord du Cap, ce parc national abrite la lagune de Langebaan, une vaste zone humide o\u00f9 nichent plus de 55 000 oiseaux. Beaucoup d\u2019entre eux sont des migrateurs venus de l\u2019Arctique et de l\u2019Antarctique pour b\u00e9n\u00e9ficier de l\u2019\u00e9t\u00e9 austral. Avec 200 r\u00e9serves et parcs nationaux s\u2019\u00e9tendant sur pr\u00e8s de 70 000 km2..."}

Marécage - Yann Arthus-Bertrand Photographie

<blockquote class="wp-embedded-content" data-secret="QhtqjvMZKU"><a href="https://www.yannarthusbertrandphoto.com/fr/produit/marecage-afrique-du-sud/">Marécage</a></blockquote><iframe sandbox="allow-scripts" security="restricted" src="https://www.yannarthusbertrandphoto.com/fr/produit/marecage-afrique-du-sud/embed/#?secret=QhtqjvMZKU" width="600" height="338" title="« Marécage » &#8212; Yann Arthus-Bertrand" data-secret="QhtqjvMZKU" frameborder="0" marginwidth="0" marginheight="0" scrolling="no" class="wp-embedded-content"></iframe><script type="text/javascript">
/*! This file is auto-generated */
!function(c,d){"use strict";var e=!1,o=!1;if(d.querySelector)if(c.addEventListener)e=!0;if(c.wp=c.wp||{},c.wp.receiveEmbedMessage);else if(c.wp.receiveEmbedMessage=function(e){var t=e.data;if(!t);else if(!(t.secret||t.message||t.value));else if(/[^a-zA-Z0-9]/.test(t.secret));else{for(var r,s,a,i=d.querySelectorAll('iframe[data-secret="'+t.secret+'"]'),n=d.querySelectorAll('blockquote[data-secret="'+t.secret+'"]'),o=new RegExp("^https?:$","i"),l=0;l<n.length;l++)n[l].style.display="none";for(l=0;l<i.length;l++)if(r=i[l],e.source!==r.contentWindow);else{if(r.removeAttribute("style"),"height"===t.message){if(1e3<(s=parseInt(t.value,10)))s=1e3;else if(~~s<200)s=200;r.height=s}if("link"===t.message)if(s=d.createElement("a"),a=d.createElement("a"),s.href=r.getAttribute("src"),a.href=t.value,!o.test(a.protocol));else if(a.host===s.host)if(d.activeElement===r)c.top.location.href=t.value}}},e)c.addEventListener("message",c.wp.receiveEmbedMessage,!1),d.addEventListener("DOMContentLoaded",t,!1),c.addEventListener("load",t,!1);function t(){if(o);else{o=!0;for(var e,t,r,s=-1!==navigator.appVersion.indexOf("MSIE 10"),a=!!navigator.userAgent.match(/Trident.*rv:11\./),i=d.querySelectorAll("iframe.wp-embedded-content"),n=0;n<i.length;n++){if(!(r=(t=i[n]).getAttribute("data-secret")))r=Math.random().toString(36).substr(2,10),t.src+="#?secret="+r,t.setAttribute("data-secret",r);if(s||a)(e=t.cloneNode(!0)).removeAttribute("security"),t.parentNode.replaceChild(e,t);t.contentWindow.postMessage({message:"ready",secret:r},"*")}}}}(window,document);
</script>

Au nord du Cap, ce parc national abrite la lagune de Langebaan, une vaste zone humide où nichent plus de 55 000 oiseaux. Beaucoup d’entre eux sont des migrateurs venus de l’Arctique et de l’Antarctique pour bénéficier de l’été austral. Avec 200 réserves et parcs nationaux s’étendant sur près de 70 000 km2...
