{"id":11556,"date":"2018-04-23T17:12:46","date_gmt":"2018-04-23T15:12:46","guid":{"rendered":"https:\/\/www.yannarthusbertrandphoto.com\/expositions\/representation\/retrospective-yab-solo-show\/"},"modified":"2018-08-30T13:48:36","modified_gmt":"2018-08-30T11:48:36","slug":"retrospective-yab-solo-show","status":"publish","type":"page","link":"https:\/\/www.yannarthusbertrandphoto.com\/fr\/expositions\/representation\/retrospective-yab-solo-show\/","title":{"rendered":"RETROSPECTIVE YAB &#8211; SOLO SHOW"},"content":{"rendered":"<section class=\"wpb-content-wrapper\">[vc_row][vc_column width=\u00a0\u00bb1\/2&Prime;][vc_row_inner][vc_column_inner width=\u00a0\u00bb11\/12&Prime;][vc_empty_space height=\u00a0\u00bb80px\u00a0\u00bb][vc_column_text css=\u00a0\u00bb.vc_custom_1526653780709{margin-bottom: 0px !important;}\u00a0\u00bb]\n<h3 style=\"text-align: right\"><strong>\u00a0RETROSPECTIVE YAB &#8211; SOLO SHOW<\/strong><\/h3>\n<p style=\"text-align: right\">Yann Arthus-Bertrand &#8211; 40 ans de photographie<\/p>\n<p style=\"text-align: right\"><span style=\"color: #000000\">Exposition \u00e0 venir<\/span><br \/>\n12 Octobre &#8211; 24 Novembre 2018<\/p>\n<p style=\"text-align: right\"><a href=\"http:\/\/www.lmsgallery.be\/exhibitions\/\">Lien de l&rsquo;exposition \u00a0\u00a0<\/a><\/p>\n[\/vc_column_text][\/vc_column_inner][vc_column_inner width=\u00a0\u00bb1\/12&Prime;][\/vc_column_inner][\/vc_row_inner][\/vc_column][vc_column width=\u00a0\u00bb1\/2&Prime;][vc_single_image image=\u00a0\u00bb17127&Prime; img_size=\u00a0\u00bbfull\u00a0\u00bb css=\u00a0\u00bb.vc_custom_1535629710009{padding-right: -20px !important;}\u00a0\u00bb][\/vc_column][\/vc_row]\n<\/section>","protected":false},"excerpt":{"rendered":"<p>[vc_row][vc_column width=\u00a0\u00bb1\/2&Prime;][vc_row_inner][vc_column_inner width=\u00a0\u00bb11\/12&Prime;][vc_empty_space height=\u00a0\u00bb80px\u00a0\u00bb][vc_column_text css=\u00a0\u00bb.vc_custom_1526653780709{margin-bottom: 0px !important;}\u00a0\u00bb] \u00a0RETROSPECTIVE YAB &#8211; SOLO SHOW Yann Arthus-Bertrand &#8211; 40 ans de photographie Exposition [&hellip;]<\/p>\n","protected":false},"author":1,"featured_media":0,"parent":1210,"menu_order":0,"comment_status":"closed","ping_status":"closed","template":"","meta":{"inline_featured_image":false},"categories":[250],"yoast_head":"<!-- This site is optimized with the Yoast SEO plugin v19.10 - https:\/\/yoast.com\/wordpress\/plugins\/seo\/ -->\n<title>RETROSPECTIVE YAB - SOLO SHOW - Yann Arthus-Bertrand<\/title>\n<meta name=\"robots\" content=\"index, follow, max-snippet:-1, max-image-preview:large, max-video-preview:-1\" \/>\n<link rel=\"canonical\" href=\"https:\/\/www.yannarthusbertrandphoto.com\/fr\/expositions\/representation\/retrospective-yab-solo-show\/\" \/>\n<meta property=\"og:locale\" content=\"fr_FR\" \/>\n<meta property=\"og:type\" content=\"article\" \/>\n<meta property=\"og:title\" content=\"RETROSPECTIVE YAB - SOLO SHOW - Yann Arthus-Bertrand\" \/>\n<meta property=\"og:description\" content=\"[vc_row][vc_column width=\u00a0\u00bb1\/2&Prime;][vc_row_inner][vc_column_inner width=\u00a0\u00bb11\/12&Prime;][vc_empty_space height=\u00a0\u00bb80px\u00a0\u00bb][vc_column_text css=\u00a0\u00bb.vc_custom_1526653780709{margin-bottom: 0px !important;}\u00a0\u00bb] \u00a0RETROSPECTIVE YAB &#8211; SOLO SHOW Yann Arthus-Bertrand &#8211; 40 ans de photographie Exposition [&hellip;]\" \/>\n<meta property=\"og:url\" content=\"https:\/\/www.yannarthusbertrandphoto.com\/fr\/expositions\/representation\/retrospective-yab-solo-show\/\" \/>\n<meta property=\"og:site_name\" content=\"Yann Arthus-Bertrand\" \/>\n<meta property=\"article:publisher\" content=\"https:\/\/www.facebook.com\/Y.A.Bertrand\/\" \/>\n<meta property=\"article:modified_time\" content=\"2018-08-30T11:48:36+00:00\" \/>\n<meta property=\"og:image\" content=\"https:\/\/www.yannarthusbertrandphoto.com\/wp-content\/uploads\/2018\/03\/annee_90_big.jpg\" \/>\n\t<meta property=\"og:image:width\" content=\"2000\" \/>\n\t<meta property=\"og:image:height\" content=\"2000\" \/>\n\t<meta property=\"og:image:type\" content=\"image\/jpeg\" \/>\n<meta name=\"twitter:card\" content=\"summary_large_image\" \/>\n<meta name=\"twitter:site\" content=\"@Yann_A_B\" \/>\n<script type=\"application\/ld+json\" class=\"yoast-schema-graph\">{\"@context\":\"https:\/\/schema.org\",\"@graph\":[{\"@type\":\"WebPage\",\"@id\":\"https:\/\/www.yannarthusbertrandphoto.com\/fr\/expositions\/representation\/retrospective-yab-solo-show\/\",\"url\":\"https:\/\/www.yannarthusbertrandphoto.com\/fr\/expositions\/representation\/retrospective-yab-solo-show\/\",\"name\":\"RETROSPECTIVE YAB - SOLO SHOW - Yann Arthus-Bertrand\",\"isPartOf\":{\"@id\":\"https:\/\/www.yannarthusbertrandphoto.com\/fr\/#website\"},\"datePublished\":\"2018-04-23T15:12:46+00:00\",\"dateModified\":\"2018-08-30T11:48:36+00:00\",\"breadcrumb\":{\"@id\":\"https:\/\/www.yannarthusbertrandphoto.com\/fr\/expositions\/representation\/retrospective-yab-solo-show\/#breadcrumb\"},\"inLanguage\":\"fr-FR\",\"potentialAction\":[{\"@type\":\"ReadAction\",\"target\":[\"https:\/\/www.yannarthusbertrandphoto.com\/fr\/expositions\/representation\/retrospective-yab-solo-show\/\"]}]},{\"@type\":\"BreadcrumbList\",\"@id\":\"https:\/\/www.yannarthusbertrandphoto.com\/fr\/expositions\/representation\/retrospective-yab-solo-show\/#breadcrumb\",\"itemListElement\":[{\"@type\":\"ListItem\",\"position\":1,\"name\":\"Accueil\",\"item\":\"https:\/\/www.yannarthusbertrandphoto.com\/fr\/\"},{\"@type\":\"ListItem\",\"position\":2,\"name\":\"expositions\",\"item\":\"https:\/\/www.yannarthusbertrandphoto.com\/fr\/expositions\/\"},{\"@type\":\"ListItem\",\"position\":3,\"name\":\"Repr\u00e9sentation\",\"item\":\"https:\/\/www.yannarthusbertrandphoto.com\/fr\/expositions\/representation\/\"},{\"@type\":\"ListItem\",\"position\":4,\"name\":\"RETROSPECTIVE YAB &#8211; SOLO SHOW\"}]},{\"@type\":\"WebSite\",\"@id\":\"https:\/\/www.yannarthusbertrandphoto.com\/fr\/#website\",\"url\":\"https:\/\/www.yannarthusbertrandphoto.com\/fr\/\",\"name\":\"Yann Arthus-Bertrand\",\"description\":\"Site officiel d\u00e9di\u00e9 \u00e0 l\u2019\u0153uvre photographique de Yann Arthus-Bertrand\",\"publisher\":{\"@id\":\"https:\/\/www.yannarthusbertrandphoto.com\/fr\/#organization\"},\"potentialAction\":[{\"@type\":\"SearchAction\",\"target\":{\"@type\":\"EntryPoint\",\"urlTemplate\":\"https:\/\/www.yannarthusbertrandphoto.com\/fr\/?s={search_term_string}\"},\"query-input\":\"required name=search_term_string\"}],\"inLanguage\":\"fr-FR\"},{\"@type\":\"Organization\",\"@id\":\"https:\/\/www.yannarthusbertrandphoto.com\/fr\/#organization\",\"name\":\"Alfie Be\",\"url\":\"https:\/\/www.yannarthusbertrandphoto.com\/fr\/\",\"logo\":{\"@type\":\"ImageObject\",\"inLanguage\":\"fr-FR\",\"@id\":\"https:\/\/www.yannarthusbertrandphoto.com\/fr\/#\/schema\/logo\/image\/\",\"url\":\"https:\/\/www.yannarthusbertrandphoto.com\/wp-content\/uploads\/2018\/01\/yab_logo_black.svg\",\"contentUrl\":\"https:\/\/www.yannarthusbertrandphoto.com\/wp-content\/uploads\/2018\/01\/yab_logo_black.svg\",\"caption\":\"Alfie Be\"},\"image\":{\"@id\":\"https:\/\/www.yannarthusbertrandphoto.com\/fr\/#\/schema\/logo\/image\/\"},\"sameAs\":[\"https:\/\/www.instagram.com\/yannarthusbertrand\/\",\"https:\/\/www.youtube.com\/user\/yannarthusbertrand\",\"https:\/\/www.facebook.com\/Y.A.Bertrand\/\",\"https:\/\/twitter.com\/Yann_A_B\"]}]}<\/script>\n<!-- \/ Yoast SEO plugin. -->","yoast_head_json":{"title":"RETROSPECTIVE YAB - SOLO SHOW - Yann Arthus-Bertrand","robots":{"index":"index","follow":"follow","max-snippet":"max-snippet:-1","max-image-preview":"max-image-preview:large","max-video-preview":"max-video-preview:-1"},"canonical":"https:\/\/www.yannarthusbertrandphoto.com\/fr\/expositions\/representation\/retrospective-yab-solo-show\/","og_locale":"fr_FR","og_type":"article","og_title":"RETROSPECTIVE YAB - SOLO SHOW - Yann Arthus-Bertrand","og_description":"[vc_row][vc_column width=\u00a0\u00bb1\/2&Prime;][vc_row_inner][vc_column_inner width=\u00a0\u00bb11\/12&Prime;][vc_empty_space height=\u00a0\u00bb80px\u00a0\u00bb][vc_column_text css=\u00a0\u00bb.vc_custom_1526653780709{margin-bottom: 0px !important;}\u00a0\u00bb] \u00a0RETROSPECTIVE YAB &#8211; SOLO SHOW Yann Arthus-Bertrand &#8211; 40 ans de photographie Exposition [&hellip;]","og_url":"https:\/\/www.yannarthusbertrandphoto.com\/fr\/expositions\/representation\/retrospective-yab-solo-show\/","og_site_name":"Yann Arthus-Bertrand","article_publisher":"https:\/\/www.facebook.com\/Y.A.Bertrand\/","article_modified_time":"2018-08-30T11:48:36+00:00","og_image":[{"width":2000,"height":2000,"url":"https:\/\/www.yannarthusbertrandphoto.com\/wp-content\/uploads\/2018\/03\/annee_90_big.jpg","type":"image\/jpeg"}],"twitter_card":"summary_large_image","twitter_site":"@Yann_A_B","schema":{"@context":"https:\/\/schema.org","@graph":[{"@type":"WebPage","@id":"https:\/\/www.yannarthusbertrandphoto.com\/fr\/expositions\/representation\/retrospective-yab-solo-show\/","url":"https:\/\/www.yannarthusbertrandphoto.com\/fr\/expositions\/representation\/retrospective-yab-solo-show\/","name":"RETROSPECTIVE YAB - SOLO SHOW - Yann Arthus-Bertrand","isPartOf":{"@id":"https:\/\/www.yannarthusbertrandphoto.com\/fr\/#website"},"datePublished":"2018-04-23T15:12:46+00:00","dateModified":"2018-08-30T11:48:36+00:00","breadcrumb":{"@id":"https:\/\/www.yannarthusbertrandphoto.com\/fr\/expositions\/representation\/retrospective-yab-solo-show\/#breadcrumb"},"inLanguage":"fr-FR","potentialAction":[{"@type":"ReadAction","target":["https:\/\/www.yannarthusbertrandphoto.com\/fr\/expositions\/representation\/retrospective-yab-solo-show\/"]}]},{"@type":"BreadcrumbList","@id":"https:\/\/www.yannarthusbertrandphoto.com\/fr\/expositions\/representation\/retrospective-yab-solo-show\/#breadcrumb","itemListElement":[{"@type":"ListItem","position":1,"name":"Accueil","item":"https:\/\/www.yannarthusbertrandphoto.com\/fr\/"},{"@type":"ListItem","position":2,"name":"expositions","item":"https:\/\/www.yannarthusbertrandphoto.com\/fr\/expositions\/"},{"@type":"ListItem","position":3,"name":"Repr\u00e9sentation","item":"https:\/\/www.yannarthusbertrandphoto.com\/fr\/expositions\/representation\/"},{"@type":"ListItem","position":4,"name":"RETROSPECTIVE YAB &#8211; SOLO SHOW"}]},{"@type":"WebSite","@id":"https:\/\/www.yannarthusbertrandphoto.com\/fr\/#website","url":"https:\/\/www.yannarthusbertrandphoto.com\/fr\/","name":"Yann Arthus-Bertrand","description":"Site officiel d\u00e9di\u00e9 \u00e0 l\u2019\u0153uvre photographique de Yann Arthus-Bertrand","publisher":{"@id":"https:\/\/www.yannarthusbertrandphoto.com\/fr\/#organization"},"potentialAction":[{"@type":"SearchAction","target":{"@type":"EntryPoint","urlTemplate":"https:\/\/www.yannarthusbertrandphoto.com\/fr\/?s={search_term_string}"},"query-input":"required name=search_term_string"}],"inLanguage":"fr-FR"},{"@type":"Organization","@id":"https:\/\/www.yannarthusbertrandphoto.com\/fr\/#organization","name":"Alfie Be","url":"https:\/\/www.yannarthusbertrandphoto.com\/fr\/","logo":{"@type":"ImageObject","inLanguage":"fr-FR","@id":"https:\/\/www.yannarthusbertrandphoto.com\/fr\/#\/schema\/logo\/image\/","url":"https:\/\/www.yannarthusbertrandphoto.com\/wp-content\/uploads\/2018\/01\/yab_logo_black.svg","contentUrl":"https:\/\/www.yannarthusbertrandphoto.com\/wp-content\/uploads\/2018\/01\/yab_logo_black.svg","caption":"Alfie Be"},"image":{"@id":"https:\/\/www.yannarthusbertrandphoto.com\/fr\/#\/schema\/logo\/image\/"},"sameAs":["https:\/\/www.instagram.com\/yannarthusbertrand\/","https:\/\/www.youtube.com\/user\/yannarthusbertrand","https:\/\/www.facebook.com\/Y.A.Bertrand\/","https:\/\/twitter.com\/Yann_A_B"]}]}},"_links":{"self":[{"href":"https:\/\/www.yannarthusbertrandphoto.com\/fr\/wp-json\/wp\/v2\/pages\/11556"}],"collection":[{"href":"https:\/\/www.yannarthusbertrandphoto.com\/fr\/wp-json\/wp\/v2\/pages"}],"about":[{"href":"https:\/\/www.yannarthusbertrandphoto.com\/fr\/wp-json\/wp\/v2\/types\/page"}],"author":[{"embeddable":true,"href":"https:\/\/www.yannarthusbertrandphoto.com\/fr\/wp-json\/wp\/v2\/users\/1"}],"replies":[{"embeddable":true,"href":"https:\/\/www.yannarthusbertrandphoto.com\/fr\/wp-json\/wp\/v2\/comments?post=11556"}],"version-history":[{"count":6,"href":"https:\/\/www.yannarthusbertrandphoto.com\/fr\/wp-json\/wp\/v2\/pages\/11556\/revisions"}],"predecessor-version":[{"id":17784,"href":"https:\/\/www.yannarthusbertrandphoto.com\/fr\/wp-json\/wp\/v2\/pages\/11556\/revisions\/17784"}],"up":[{"embeddable":true,"href":"https:\/\/www.yannarthusbertrandphoto.com\/fr\/wp-json\/wp\/v2\/pages\/1210"}],"wp:attachment":[{"href":"https:\/\/www.yannarthusbertrandphoto.com\/fr\/wp-json\/wp\/v2\/media?parent=11556"}],"wp:term":[{"taxonomy":"category","embeddable":true,"href":"https:\/\/www.yannarthusbertrandphoto.com\/fr\/wp-json\/wp\/v2\/categories?post=11556"}],"curies":[{"name":"wp","href":"https:\/\/api.w.org\/{rel}","templated":true}]}}

<section class="wpb-content-wrapper">[vc_row][vc_column width= »1/2&Prime;][vc_row_inner][vc_column_inner width= »11/12&Prime;][vc_empty_space height= »80px »][vc_column_text css= ».vc_custom_1526653780709{margin-bottom: 0px !important;} »]
<h3 style="text-align: right"><strong> RETROSPECTIVE YAB &#8211; SOLO SHOW</strong></h3>
<p style="text-align: right">Yann Arthus-Bertrand &#8211; 40 ans de photographie</p>
<p style="text-align: right"><span style="color: #000000">Exposition à venir</span><br />
12 Octobre &#8211; 24 Novembre 2018</p>
<p style="text-align: right"><a href="http://www.lmsgallery.be/exhibitions/">Lien de l&rsquo;exposition   </a></p>
[/vc_column_text][/vc_column_inner][vc_column_inner width= »1/12&Prime;][/vc_column_inner][/vc_row_inner][/vc_column][vc_column width= »1/2&Prime;][vc_single_image image= »17127&Prime; img_size= »full » css= ».vc_custom_1535629710009{padding-right: -20px !important;} »][/vc_column][/vc_row]
</section>

<!-- This site is optimized with the Yoast SEO plugin v19.10 - https://yoast.com/wordpress/plugins/seo/ -->
<title>RETROSPECTIVE YAB - SOLO SHOW - Yann Arthus-Bertrand</title>
<meta name="robots" content="index, follow, max-snippet:-1, max-image-preview:large, max-video-preview:-1" />
<link rel="canonical" href="https://www.yannarthusbertrandphoto.com/fr/expositions/representation/retrospective-yab-solo-show/" />
<meta property="og:locale" content="fr_FR" />
<meta property="og:type" content="article" />
<meta property="og:title" content="RETROSPECTIVE YAB - SOLO SHOW - Yann Arthus-Bertrand" />
<meta property="og:description" content="[vc_row][vc_column width= »1/2&Prime;][vc_row_inner][vc_column_inner width= »11/12&Prime;][vc_empty_space height= »80px »][vc_column_text css= ».vc_custom_1526653780709{margin-bottom: 0px !important;} »]  RETROSPECTIVE YAB &#8211; SOLO SHOW Yann Arthus-Bertrand &#8211; 40 ans de photographie Exposition [&hellip;]" />
<meta property="og:url" content="https://www.yannarthusbertrandphoto.com/fr/expositions/representation/retrospective-yab-solo-show/" />
<meta property="og:site_name" content="Yann Arthus-Bertrand" />
<meta property="article:publisher" content="https://www.facebook.com/Y.A.Bertrand/" />
<meta property="article:modified_time" content="2018-08-30T11:48:36+00:00" />
<meta property="og:image" content="https://www.yannarthusbertrandphoto.com/wp-content/uploads/2018/03/annee_90_big.jpg" />
	<meta property="og:image:width" content="2000" />
	<meta property="og:image:height" content="2000" />
	<meta property="og:image:type" content="image/jpeg" />
<meta name="twitter:card" content="summary_large_image" />
<meta name="twitter:site" content="@Yann_A_B" />
<script type="application/ld+json" class="yoast-schema-graph">{"@context":"https://schema.org","@graph":[{"@type":"WebPage","@id":"https://www.yannarthusbertrandphoto.com/fr/expositions/representation/retrospective-yab-solo-show/","url":"https://www.yannarthusbertrandphoto.com/fr/expositions/representation/retrospective-yab-solo-show/","name":"RETROSPECTIVE YAB - SOLO SHOW - Yann Arthus-Bertrand","isPartOf":{"@id":"https://www.yannarthusbertrandphoto.com/fr/#website"},"datePublished":"2018-04-23T15:12:46+00:00","dateModified":"2018-08-30T11:48:36+00:00","breadcrumb":{"@id":"https://www.yannarthusbertrandphoto.com/fr/expositions/representation/retrospective-yab-solo-show/#breadcrumb"},"inLanguage":"fr-FR","potentialAction":[{"@type":"ReadAction","target":["https://www.yannarthusbertrandphoto.com/fr/expositions/representation/retrospective-yab-solo-show/"]}]},{"@type":"BreadcrumbList","@id":"https://www.yannarthusbertrandphoto.com/fr/expositions/representation/retrospective-yab-solo-show/#breadcrumb","itemListElement":[{"@type":"ListItem","position":1,"name":"Accueil","item":"https://www.yannarthusbertrandphoto.com/fr/"},{"@type":"ListItem","position":2,"name":"expositions","item":"https://www.yannarthusbertrandphoto.com/fr/expositions/"},{"@type":"ListItem","position":3,"name":"Représentation","item":"https://www.yannarthusbertrandphoto.com/fr/expositions/representation/"},{"@type":"ListItem","position":4,"name":"RETROSPECTIVE YAB &#8211; SOLO SHOW"}]},{"@type":"WebSite","@id":"https://www.yannarthusbertrandphoto.com/fr/#website","url":"https://www.yannarthusbertrandphoto.com/fr/","name":"Yann Arthus-Bertrand","description":"Site officiel dédié à l’œuvre photographique de Yann Arthus-Bertrand","publisher":{"@id":"https://www.yannarthusbertrandphoto.com/fr/#organization"},"potentialAction":[{"@type":"SearchAction","target":{"@type":"EntryPoint","urlTemplate":"https://www.yannarthusbertrandphoto.com/fr/?s={search_term_string}"},"query-input":"required name=search_term_string"}],"inLanguage":"fr-FR"},{"@type":"Organization","@id":"https://www.yannarthusbertrandphoto.com/fr/#organization","name":"Alfie Be","url":"https://www.yannarthusbertrandphoto.com/fr/","logo":{"@type":"ImageObject","inLanguage":"fr-FR","@id":"https://www.yannarthusbertrandphoto.com/fr/#/schema/logo/image/","url":"https://www.yannarthusbertrandphoto.com/wp-content/uploads/2018/01/yab_logo_black.svg","contentUrl":"https://www.yannarthusbertrandphoto.com/wp-content/uploads/2018/01/yab_logo_black.svg","caption":"Alfie Be"},"image":{"@id":"https://www.yannarthusbertrandphoto.com/fr/#/schema/logo/image/"},"sameAs":["https://www.instagram.com/yannarthusbertrand/","https://www.youtube.com/user/yannarthusbertrand","https://www.facebook.com/Y.A.Bertrand/","https://twitter.com/Yann_A_B"]}]}</script>
<!-- / Yoast SEO plugin. -->

Représentation

Site officiel dédié à l’œuvre photographique de Yann Arthus-Bertrand
