{"id":14283,"date":"2018-04-25T21:32:07","date_gmt":"2018-04-25T19:32:07","guid":{"rendered":"https:\/\/www.yannarthusbertrandphoto.com\/?post_type=product&#038;p=14283"},"modified":"2018-05-28T18:29:51","modified_gmt":"2018-05-28T16:29:51","slug":"marais","status":"publish","type":"product","link":"https:\/\/www.yannarthusbertrandphoto.com\/fr\/produit\/marais\/","title":{"rendered":"Marais"},"content":{"rendered":"<p>Cette r\u00e9gion est peupl\u00e9e par les Dinkas (\u00e0 ce nom donn\u00e9 par les colonisateurs, ils pr\u00e9f\u00e8rent Jieng, celui qu\u2019il utilise pour se d\u00e9signer), une ethnie pratiquant l\u2019agro-pastoralisme sur les immenses \u00e9tendues de marais, de savane, et de savane arbor\u00e9e de la vall\u00e9e du Nil Blanc et de son affluent le Bahr el-Ghazal.<\/p>\n<p>Cette r\u00e9gion d\u2019Afrique a connu une s\u00e9rie de guerres civiles opposant le nord et le sud du Soudan, ancien protectorat anglo-\u00e9gyptien. Un premier conflit de 1955 \u00e0 1972 a fait un demi million de morts et s\u2019est conclu par un accord de paix sign\u00e9 \u00e0 Addis-Abeba accordant une relative autonomie au Soudan du Sud. Mal \u00e9teinte, la guerre reprit en 1983 jusqu\u2019en 2002 avec son lot de massacres et de famine faisant 2 millions de morts. En 2005 est sign\u00e9 un nouvel accord pr\u00e9voyant une p\u00e9riode transitoire d\u2019autonomie de 6 ans suivi de l\u2019organisation d\u2019un r\u00e9f\u00e9rendum d\u2019autod\u00e9termination. Ce dernier s\u2019est d\u00e9roul\u00e9 en janvier 2011 et plus de 98 % des votes furent en faveur de la s\u00e9cession.<\/p>\n<p>L\u2019ind\u00e9pendance du nouvel Etat avec pour capitale Djouba fut proclam\u00e9e le 9 juillet 2011. La R\u00e9publique du Soudan du Sud est devenue le 193e Etat admis au sein de l\u2019Organisation des Nations Unies et le 54e membre de l\u2019Union africaine. Elle compte plus de 8 millions d\u2019habitants sur une superficie de 620 000 km2.<\/p>\n","protected":false},"excerpt":{"rendered":"<p>Village dans les marais du Sudd, pr\u00e8s de Bor, Etat de Jonglei, Soudan du Sud (6\u00b022\u2019 N &#8211; 31\u00b032\u2019 E).<\/p>\n","protected":false},"featured_media":14284,"template":"","meta":{"inline_featured_image":false},"product_cat":[212],"product_tag":[],"yoast_head":"<!-- This site is optimized with the Yoast SEO plugin v19.10 - https:\/\/yoast.com\/wordpress\/plugins\/seo\/ -->\n<title>Marais, Soudan du Sud - Yann Arthus-Bertrand Photographie<\/title>\n<meta name=\"description\" content=\"Cette r\u00e9gion est peupl\u00e9e par les Dinkas (\u00e0 ce nom donn\u00e9 par les colonisateurs, ils pr\u00e9f\u00e8rent Jieng, celui qu\u2019il utilise pour se d\u00e9signer), une ethnie pratiquant l\u2019agro-pastoralisme sur les immenses \u00e9tendues de marais, de savane, et de savane arbor\u00e9e de la vall\u00e9e du Nil Blanc et de son affluent le Bahr el-Ghazal.\" \/>\n<meta name=\"robots\" content=\"index, follow, max-snippet:-1, max-image-preview:large, max-video-preview:-1\" \/>\n<link rel=\"canonical\" href=\"https:\/\/www.yannarthusbertrandphoto.com\/fr\/produit\/marais\/\" \/>\n<meta property=\"og:locale\" content=\"fr_FR\" \/>\n<meta property=\"og:type\" content=\"article\" \/>\n<meta property=\"og:title\" content=\"Marais, Soudan du Sud - Yann Arthus-Bertrand Photographie\" \/>\n<meta property=\"og:description\" content=\"Cette r\u00e9gion est peupl\u00e9e par les Dinkas (\u00e0 ce nom donn\u00e9 par les colonisateurs, ils pr\u00e9f\u00e8rent Jieng, celui qu\u2019il utilise pour se d\u00e9signer), une ethnie pratiquant l\u2019agro-pastoralisme sur les immenses \u00e9tendues de marais, de savane, et de savane arbor\u00e9e de la vall\u00e9e du Nil Blanc et de son affluent le Bahr el-Ghazal.\" \/>\n<meta property=\"og:url\" content=\"https:\/\/www.yannarthusbertrandphoto.com\/fr\/produit\/marais\/\" \/>\n<meta property=\"og:site_name\" content=\"Yann Arthus-Bertrand\" \/>\n<meta property=\"article:publisher\" content=\"https:\/\/www.facebook.com\/Y.A.Bertrand\/\" \/>\n<meta property=\"article:modified_time\" content=\"2018-05-28T16:29:51+00:00\" \/>\n<meta property=\"og:image\" content=\"https:\/\/www.yannarthusbertrandphoto.com\/wp-content\/uploads\/2018\/04\/yab_soudan-du-sud_marais_yann-arthus-bertrand-photographie.jpeg\" \/>\n\t<meta property=\"og:image:width\" content=\"2000\" \/>\n\t<meta property=\"og:image:height\" content=\"1333\" \/>\n\t<meta property=\"og:image:type\" content=\"image\/jpeg\" \/>\n<meta name=\"twitter:card\" content=\"summary_large_image\" \/>\n<meta name=\"twitter:site\" content=\"@Yann_A_B\" \/>\n<meta name=\"twitter:label1\" content=\"Dur\u00e9e de lecture estim\u00e9e\" \/>\n\t<meta name=\"twitter:data1\" content=\"1 minute\" \/>\n<script type=\"application\/ld+json\" class=\"yoast-schema-graph\">{\"@context\":\"https:\/\/schema.org\",\"@graph\":[{\"@type\":\"WebPage\",\"@id\":\"https:\/\/www.yannarthusbertrandphoto.com\/fr\/produit\/marais\/\",\"url\":\"https:\/\/www.yannarthusbertrandphoto.com\/fr\/produit\/marais\/\",\"name\":\"Marais, Soudan du Sud - Yann Arthus-Bertrand Photographie\",\"isPartOf\":{\"@id\":\"https:\/\/www.yannarthusbertrandphoto.com\/fr\/#website\"},\"datePublished\":\"2018-04-25T19:32:07+00:00\",\"dateModified\":\"2018-05-28T16:29:51+00:00\",\"description\":\"Cette r\u00e9gion est peupl\u00e9e par les Dinkas (\u00e0 ce nom donn\u00e9 par les colonisateurs, ils pr\u00e9f\u00e8rent Jieng, celui qu\u2019il utilise pour se d\u00e9signer), une ethnie pratiquant l\u2019agro-pastoralisme sur les immenses \u00e9tendues de marais, de savane, et de savane arbor\u00e9e de la vall\u00e9e du Nil Blanc et de son affluent le Bahr el-Ghazal.\",\"breadcrumb\":{\"@id\":\"https:\/\/www.yannarthusbertrandphoto.com\/fr\/produit\/marais\/#breadcrumb\"},\"inLanguage\":\"fr-FR\",\"potentialAction\":[{\"@type\":\"ReadAction\",\"target\":[\"https:\/\/www.yannarthusbertrandphoto.com\/fr\/produit\/marais\/\"]}]},{\"@type\":\"BreadcrumbList\",\"@id\":\"https:\/\/www.yannarthusbertrandphoto.com\/fr\/produit\/marais\/#breadcrumb\",\"itemListElement\":[{\"@type\":\"ListItem\",\"position\":1,\"name\":\"Accueil\",\"item\":\"https:\/\/www.yannarthusbertrandphoto.com\/fr\/\"},{\"@type\":\"ListItem\",\"position\":2,\"name\":\"Shop\",\"item\":\"https:\/\/www.yannarthusbertrandphoto.com\/fr\/shop\/\"},{\"@type\":\"ListItem\",\"position\":3,\"name\":\"Marais\"}]},{\"@type\":\"WebSite\",\"@id\":\"https:\/\/www.yannarthusbertrandphoto.com\/fr\/#website\",\"url\":\"https:\/\/www.yannarthusbertrandphoto.com\/fr\/\",\"name\":\"Yann Arthus-Bertrand\",\"description\":\"Site officiel d\u00e9di\u00e9 \u00e0 l\u2019\u0153uvre photographique de Yann Arthus-Bertrand\",\"publisher\":{\"@id\":\"https:\/\/www.yannarthusbertrandphoto.com\/fr\/#organization\"},\"potentialAction\":[{\"@type\":\"SearchAction\",\"target\":{\"@type\":\"EntryPoint\",\"urlTemplate\":\"https:\/\/www.yannarthusbertrandphoto.com\/fr\/?s={search_term_string}\"},\"query-input\":\"required name=search_term_string\"}],\"inLanguage\":\"fr-FR\"},{\"@type\":\"Organization\",\"@id\":\"https:\/\/www.yannarthusbertrandphoto.com\/fr\/#organization\",\"name\":\"Alfie Be\",\"url\":\"https:\/\/www.yannarthusbertrandphoto.com\/fr\/\",\"logo\":{\"@type\":\"ImageObject\",\"inLanguage\":\"fr-FR\",\"@id\":\"https:\/\/www.yannarthusbertrandphoto.com\/fr\/#\/schema\/logo\/image\/\",\"url\":\"https:\/\/www.yannarthusbertrandphoto.com\/wp-content\/uploads\/2018\/01\/yab_logo_black.svg\",\"contentUrl\":\"https:\/\/www.yannarthusbertrandphoto.com\/wp-content\/uploads\/2018\/01\/yab_logo_black.svg\",\"caption\":\"Alfie Be\"},\"image\":{\"@id\":\"https:\/\/www.yannarthusbertrandphoto.com\/fr\/#\/schema\/logo\/image\/\"},\"sameAs\":[\"https:\/\/www.instagram.com\/yannarthusbertrand\/\",\"https:\/\/www.youtube.com\/user\/yannarthusbertrand\",\"https:\/\/www.facebook.com\/Y.A.Bertrand\/\",\"https:\/\/twitter.com\/Yann_A_B\"]}]}<\/script>\n<!-- \/ Yoast SEO plugin. -->","yoast_head_json":{"title":"Marais, Soudan du Sud - Yann Arthus-Bertrand Photographie","description":"Cette r\u00e9gion est peupl\u00e9e par les Dinkas (\u00e0 ce nom donn\u00e9 par les colonisateurs, ils pr\u00e9f\u00e8rent Jieng, celui qu\u2019il utilise pour se d\u00e9signer), une ethnie pratiquant l\u2019agro-pastoralisme sur les immenses \u00e9tendues de marais, de savane, et de savane arbor\u00e9e de la vall\u00e9e du Nil Blanc et de son affluent le Bahr el-Ghazal.","robots":{"index":"index","follow":"follow","max-snippet":"max-snippet:-1","max-image-preview":"max-image-preview:large","max-video-preview":"max-video-preview:-1"},"canonical":"https:\/\/www.yannarthusbertrandphoto.com\/fr\/produit\/marais\/","og_locale":"fr_FR","og_type":"article","og_title":"Marais, Soudan du Sud - Yann Arthus-Bertrand Photographie","og_description":"Cette r\u00e9gion est peupl\u00e9e par les Dinkas (\u00e0 ce nom donn\u00e9 par les colonisateurs, ils pr\u00e9f\u00e8rent Jieng, celui qu\u2019il utilise pour se d\u00e9signer), une ethnie pratiquant l\u2019agro-pastoralisme sur les immenses \u00e9tendues de marais, de savane, et de savane arbor\u00e9e de la vall\u00e9e du Nil Blanc et de son affluent le Bahr el-Ghazal.","og_url":"https:\/\/www.yannarthusbertrandphoto.com\/fr\/produit\/marais\/","og_site_name":"Yann Arthus-Bertrand","article_publisher":"https:\/\/www.facebook.com\/Y.A.Bertrand\/","article_modified_time":"2018-05-28T16:29:51+00:00","og_image":[{"width":2000,"height":1333,"url":"https:\/\/www.yannarthusbertrandphoto.com\/wp-content\/uploads\/2018\/04\/yab_soudan-du-sud_marais_yann-arthus-bertrand-photographie.jpeg","type":"image\/jpeg"}],"twitter_card":"summary_large_image","twitter_site":"@Yann_A_B","twitter_misc":{"Dur\u00e9e de lecture estim\u00e9e":"1 minute"},"schema":{"@context":"https:\/\/schema.org","@graph":[{"@type":"WebPage","@id":"https:\/\/www.yannarthusbertrandphoto.com\/fr\/produit\/marais\/","url":"https:\/\/www.yannarthusbertrandphoto.com\/fr\/produit\/marais\/","name":"Marais, Soudan du Sud - Yann Arthus-Bertrand Photographie","isPartOf":{"@id":"https:\/\/www.yannarthusbertrandphoto.com\/fr\/#website"},"datePublished":"2018-04-25T19:32:07+00:00","dateModified":"2018-05-28T16:29:51+00:00","description":"Cette r\u00e9gion est peupl\u00e9e par les Dinkas (\u00e0 ce nom donn\u00e9 par les colonisateurs, ils pr\u00e9f\u00e8rent Jieng, celui qu\u2019il utilise pour se d\u00e9signer), une ethnie pratiquant l\u2019agro-pastoralisme sur les immenses \u00e9tendues de marais, de savane, et de savane arbor\u00e9e de la vall\u00e9e du Nil Blanc et de son affluent le Bahr el-Ghazal.","breadcrumb":{"@id":"https:\/\/www.yannarthusbertrandphoto.com\/fr\/produit\/marais\/#breadcrumb"},"inLanguage":"fr-FR","potentialAction":[{"@type":"ReadAction","target":["https:\/\/www.yannarthusbertrandphoto.com\/fr\/produit\/marais\/"]}]},{"@type":"BreadcrumbList","@id":"https:\/\/www.yannarthusbertrandphoto.com\/fr\/produit\/marais\/#breadcrumb","itemListElement":[{"@type":"ListItem","position":1,"name":"Accueil","item":"https:\/\/www.yannarthusbertrandphoto.com\/fr\/"},{"@type":"ListItem","position":2,"name":"Shop","item":"https:\/\/www.yannarthusbertrandphoto.com\/fr\/shop\/"},{"@type":"ListItem","position":3,"name":"Marais"}]},{"@type":"WebSite","@id":"https:\/\/www.yannarthusbertrandphoto.com\/fr\/#website","url":"https:\/\/www.yannarthusbertrandphoto.com\/fr\/","name":"Yann Arthus-Bertrand","description":"Site officiel d\u00e9di\u00e9 \u00e0 l\u2019\u0153uvre photographique de Yann Arthus-Bertrand","publisher":{"@id":"https:\/\/www.yannarthusbertrandphoto.com\/fr\/#organization"},"potentialAction":[{"@type":"SearchAction","target":{"@type":"EntryPoint","urlTemplate":"https:\/\/www.yannarthusbertrandphoto.com\/fr\/?s={search_term_string}"},"query-input":"required name=search_term_string"}],"inLanguage":"fr-FR"},{"@type":"Organization","@id":"https:\/\/www.yannarthusbertrandphoto.com\/fr\/#organization","name":"Alfie Be","url":"https:\/\/www.yannarthusbertrandphoto.com\/fr\/","logo":{"@type":"ImageObject","inLanguage":"fr-FR","@id":"https:\/\/www.yannarthusbertrandphoto.com\/fr\/#\/schema\/logo\/image\/","url":"https:\/\/www.yannarthusbertrandphoto.com\/wp-content\/uploads\/2018\/01\/yab_logo_black.svg","contentUrl":"https:\/\/www.yannarthusbertrandphoto.com\/wp-content\/uploads\/2018\/01\/yab_logo_black.svg","caption":"Alfie Be"},"image":{"@id":"https:\/\/www.yannarthusbertrandphoto.com\/fr\/#\/schema\/logo\/image\/"},"sameAs":["https:\/\/www.instagram.com\/yannarthusbertrand\/","https:\/\/www.youtube.com\/user\/yannarthusbertrand","https:\/\/www.facebook.com\/Y.A.Bertrand\/","https:\/\/twitter.com\/Yann_A_B"]}]}},"_links":{"self":[{"href":"https:\/\/www.yannarthusbertrandphoto.com\/fr\/wp-json\/wp\/v2\/product\/14283"}],"collection":[{"href":"https:\/\/www.yannarthusbertrandphoto.com\/fr\/wp-json\/wp\/v2\/product"}],"about":[{"href":"https:\/\/www.yannarthusbertrandphoto.com\/fr\/wp-json\/wp\/v2\/types\/product"}],"wp:featuredmedia":[{"embeddable":true,"href":"https:\/\/www.yannarthusbertrandphoto.com\/fr\/wp-json\/wp\/v2\/media\/14284"}],"wp:attachment":[{"href":"https:\/\/www.yannarthusbertrandphoto.com\/fr\/wp-json\/wp\/v2\/media?parent=14283"}],"wp:term":[{"taxonomy":"product_cat","embeddable":true,"href":"https:\/\/www.yannarthusbertrandphoto.com\/fr\/wp-json\/wp\/v2\/product_cat?post=14283"},{"taxonomy":"product_tag","embeddable":true,"href":"https:\/\/www.yannarthusbertrandphoto.com\/fr\/wp-json\/wp\/v2\/product_tag?post=14283"}],"curies":[{"name":"wp","href":"https:\/\/api.w.org\/{rel}","templated":true}]}}

<p>Cette région est peuplée par les Dinkas (à ce nom donné par les colonisateurs, ils préfèrent Jieng, celui qu’il utilise pour se désigner), une ethnie pratiquant l’agro-pastoralisme sur les immenses étendues de marais, de savane, et de savane arborée de la vallée du Nil Blanc et de son affluent le Bahr el-Ghazal.</p>
<p>Cette région d’Afrique a connu une série de guerres civiles opposant le nord et le sud du Soudan, ancien protectorat anglo-égyptien. Un premier conflit de 1955 à 1972 a fait un demi million de morts et s’est conclu par un accord de paix signé à Addis-Abeba accordant une relative autonomie au Soudan du Sud. Mal éteinte, la guerre reprit en 1983 jusqu’en 2002 avec son lot de massacres et de famine faisant 2 millions de morts. En 2005 est signé un nouvel accord prévoyant une période transitoire d’autonomie de 6 ans suivi de l’organisation d’un référendum d’autodétermination. Ce dernier s’est déroulé en janvier 2011 et plus de 98 % des votes furent en faveur de la sécession.</p>
<p>L’indépendance du nouvel Etat avec pour capitale Djouba fut proclamée le 9 juillet 2011. La République du Soudan du Sud est devenue le 193e Etat admis au sein de l’Organisation des Nations Unies et le 54e membre de l’Union africaine. Elle compte plus de 8 millions d’habitants sur une superficie de 620 000 km2.</p>

<p>Village dans les marais du Sudd, près de Bor, Etat de Jonglei, Soudan du Sud (6°22’ N &#8211; 31°32’ E).</p>

<!-- This site is optimized with the Yoast SEO plugin v19.10 - https://yoast.com/wordpress/plugins/seo/ -->
<title>Marais, Soudan du Sud - Yann Arthus-Bertrand Photographie</title>
<meta name="description" content="Cette région est peuplée par les Dinkas (à ce nom donné par les colonisateurs, ils préfèrent Jieng, celui qu’il utilise pour se désigner), une ethnie pratiquant l’agro-pastoralisme sur les immenses étendues de marais, de savane, et de savane arborée de la vallée du Nil Blanc et de son affluent le Bahr el-Ghazal." />
<meta name="robots" content="index, follow, max-snippet:-1, max-image-preview:large, max-video-preview:-1" />
<link rel="canonical" href="https://www.yannarthusbertrandphoto.com/fr/produit/marais/" />
<meta property="og:locale" content="fr_FR" />
<meta property="og:type" content="article" />
<meta property="og:title" content="Marais, Soudan du Sud - Yann Arthus-Bertrand Photographie" />
<meta property="og:description" content="Cette région est peuplée par les Dinkas (à ce nom donné par les colonisateurs, ils préfèrent Jieng, celui qu’il utilise pour se désigner), une ethnie pratiquant l’agro-pastoralisme sur les immenses étendues de marais, de savane, et de savane arborée de la vallée du Nil Blanc et de son affluent le Bahr el-Ghazal." />
<meta property="og:url" content="https://www.yannarthusbertrandphoto.com/fr/produit/marais/" />
<meta property="og:site_name" content="Yann Arthus-Bertrand" />
<meta property="article:publisher" content="https://www.facebook.com/Y.A.Bertrand/" />
<meta property="article:modified_time" content="2018-05-28T16:29:51+00:00" />
<meta property="og:image" content="https://www.yannarthusbertrandphoto.com/wp-content/uploads/2018/04/yab_soudan-du-sud_marais_yann-arthus-bertrand-photographie.jpeg" />
	<meta property="og:image:width" content="2000" />
	<meta property="og:image:height" content="1333" />
	<meta property="og:image:type" content="image/jpeg" />
<meta name="twitter:card" content="summary_large_image" />
<meta name="twitter:site" content="@Yann_A_B" />
<meta name="twitter:label1" content="Durée de lecture estimée" />
	<meta name="twitter:data1" content="1 minute" />
<script type="application/ld+json" class="yoast-schema-graph">{"@context":"https://schema.org","@graph":[{"@type":"WebPage","@id":"https://www.yannarthusbertrandphoto.com/fr/produit/marais/","url":"https://www.yannarthusbertrandphoto.com/fr/produit/marais/","name":"Marais, Soudan du Sud - Yann Arthus-Bertrand Photographie","isPartOf":{"@id":"https://www.yannarthusbertrandphoto.com/fr/#website"},"datePublished":"2018-04-25T19:32:07+00:00","dateModified":"2018-05-28T16:29:51+00:00","description":"Cette région est peuplée par les Dinkas (à ce nom donné par les colonisateurs, ils préfèrent Jieng, celui qu’il utilise pour se désigner), une ethnie pratiquant l’agro-pastoralisme sur les immenses étendues de marais, de savane, et de savane arborée de la vallée du Nil Blanc et de son affluent le Bahr el-Ghazal.","breadcrumb":{"@id":"https://www.yannarthusbertrandphoto.com/fr/produit/marais/#breadcrumb"},"inLanguage":"fr-FR","potentialAction":[{"@type":"ReadAction","target":["https://www.yannarthusbertrandphoto.com/fr/produit/marais/"]}]},{"@type":"BreadcrumbList","@id":"https://www.yannarthusbertrandphoto.com/fr/produit/marais/#breadcrumb","itemListElement":[{"@type":"ListItem","position":1,"name":"Accueil","item":"https://www.yannarthusbertrandphoto.com/fr/"},{"@type":"ListItem","position":2,"name":"Shop","item":"https://www.yannarthusbertrandphoto.com/fr/shop/"},{"@type":"ListItem","position":3,"name":"Marais"}]},{"@type":"WebSite","@id":"https://www.yannarthusbertrandphoto.com/fr/#website","url":"https://www.yannarthusbertrandphoto.com/fr/","name":"Yann Arthus-Bertrand","description":"Site officiel dédié à l’œuvre photographique de Yann Arthus-Bertrand","publisher":{"@id":"https://www.yannarthusbertrandphoto.com/fr/#organization"},"potentialAction":[{"@type":"SearchAction","target":{"@type":"EntryPoint","urlTemplate":"https://www.yannarthusbertrandphoto.com/fr/?s={search_term_string}"},"query-input":"required name=search_term_string"}],"inLanguage":"fr-FR"},{"@type":"Organization","@id":"https://www.yannarthusbertrandphoto.com/fr/#organization","name":"Alfie Be","url":"https://www.yannarthusbertrandphoto.com/fr/","logo":{"@type":"ImageObject","inLanguage":"fr-FR","@id":"https://www.yannarthusbertrandphoto.com/fr/#/schema/logo/image/","url":"https://www.yannarthusbertrandphoto.com/wp-content/uploads/2018/01/yab_logo_black.svg","contentUrl":"https://www.yannarthusbertrandphoto.com/wp-content/uploads/2018/01/yab_logo_black.svg","caption":"Alfie Be"},"image":{"@id":"https://www.yannarthusbertrandphoto.com/fr/#/schema/logo/image/"},"sameAs":["https://www.instagram.com/yannarthusbertrand/","https://www.youtube.com/user/yannarthusbertrand","https://www.facebook.com/Y.A.Bertrand/","https://twitter.com/Yann_A_B"]}]}</script>
<!-- / Yoast SEO plugin. -->

Cette région est peuplée par les Dinkas (à ce nom donné par les colonisateurs, ils préfèrent Jieng, celui qu’il utilise pour se désigner), une ethnie pratiquant l’agro-pastoralisme sur les immenses étendues de marais, de savane, et de savane arborée de la vallée du Nil Blanc et de son affluent le Bahr el-Ghazal.

Site officiel dédié à l’œuvre photographique de Yann Arthus-Bertrand
