{"id":1735,"date":"2017-12-07T21:56:25","date_gmt":"2017-12-07T20:56:25","guid":{"rendered":"https:\/\/www.yannarthusbertrandphoto.com\/?post_type=product&#038;p=1735"},"modified":"2018-02-20T17:44:21","modified_gmt":"2018-02-20T16:44:21","slug":"marecage-afrique-du-sud","status":"publish","type":"product","link":"https:\/\/www.yannarthusbertrandphoto.com\/fr\/produit\/marecage-afrique-du-sud\/","title":{"rendered":"Mar\u00e9cage"},"content":{"rendered":"<p>Au nord du Cap, ce parc national abrite la lagune de Langebaan, une vaste zone humide o\u00f9 nichent plus de 55 000 oiseaux. Beaucoup d\u2019entre eux sont des migrateurs venus de l\u2019Arctique et de l\u2019Antarctique pour b\u00e9n\u00e9ficier de l\u2019\u00e9t\u00e9 austral. Avec 200 r\u00e9serves et parcs nationaux s\u2019\u00e9tendant sur pr\u00e8s de 70 000 km2 (pr\u00e8s de 6 % de la surface du pays), l\u2019Afrique du Sud est l\u2019un des plus importants sanctuaires de la vie sauvage de la plan\u00e8te. Il est ainsi possible d\u2019y observer les \u00ab cinq grands \u00bb (<em>big five <\/em>en anglais) : le lion, le l\u00e9opard, l\u2019\u00e9l\u00e9phant, le rhinoc\u00e9ros et le buffle. Ce pays est un pionnier en mati\u00e8re de politique de conservation de la nature : la cr\u00e9ation pour et par les chasseurs blancs du premier parc national, le parc Kruger, remonte \u00e0 la fin du XIXe si\u00e8cle. Aujourd\u2019hui, le safari photographique a pour l\u2019essentiel remplac\u00e9 la chasse. Cette activit\u00e9 est tr\u00e8s importante : quelque 7 millions de touristes viennent chaque ann\u00e9e pour d\u00e9couvrir la faune sauvage africaine. Sous la houlette de l\u2019Afrique du Sud, d\u2019autres pays d\u2019Afrique australe d\u00e9veloppent en commun leurs aires prot\u00e9g\u00e9es afin de cr\u00e9er de vastes parcs transfrontaliers (<em>Transfrontier Peace Park<\/em>), plus \u00e0 m\u00eame d\u2019offrir de grands espaces \u00e0 des animaux qui se d\u00e9placent en ignorant les fronti\u00e8res.<\/p>\n","protected":false},"excerpt":{"rendered":"<p>Paysage mar\u00e9cageux du parc national de la C\u00f4te Ouest, R\u00e9publique d\u2019Afrique du Sud (33\u00b011\u2019 S \u2013 18\u00b006\u2019 E).<\/p>\n","protected":false},"featured_media":1736,"template":"","meta":{"inline_featured_image":false},"product_cat":[212],"product_tag":[],"yoast_head":"<!-- This site is optimized with the Yoast SEO plugin v19.10 - https:\/\/yoast.com\/wordpress\/plugins\/seo\/ -->\n<title>Mar\u00e9cage - Yann Arthus-Bertrand Photographie<\/title>\n<meta name=\"description\" content=\"Au nord du Cap, ce parc national abrite la lagune de Langebaan, une vaste zone humide o\u00f9 nichent plus de 55 000 oiseaux. Beaucoup d\u2019entre eux sont des migrateurs venus de l\u2019Arctique et de l\u2019Antarctique pour b\u00e9n\u00e9ficier de l\u2019\u00e9t\u00e9 austral. Avec 200 r\u00e9serves et parcs nationaux s\u2019\u00e9tendant sur pr\u00e8s de 70 000 km2...\" \/>\n<meta name=\"robots\" content=\"index, follow, max-snippet:-1, max-image-preview:large, max-video-preview:-1\" \/>\n<link rel=\"canonical\" href=\"https:\/\/www.yannarthusbertrandphoto.com\/fr\/produit\/marecage-afrique-du-sud\/\" \/>\n<meta property=\"og:locale\" content=\"fr_FR\" \/>\n<meta property=\"og:type\" content=\"article\" \/>\n<meta property=\"og:title\" content=\"Mar\u00e9cage - Yann Arthus-Bertrand Photographie\" \/>\n<meta property=\"og:description\" content=\"Au nord du Cap, ce parc national abrite la lagune de Langebaan, une vaste zone humide o\u00f9 nichent plus de 55 000 oiseaux. Beaucoup d\u2019entre eux sont des migrateurs venus de l\u2019Arctique et de l\u2019Antarctique pour b\u00e9n\u00e9ficier de l\u2019\u00e9t\u00e9 austral. Avec 200 r\u00e9serves et parcs nationaux s\u2019\u00e9tendant sur pr\u00e8s de 70 000 km2...\" \/>\n<meta property=\"og:url\" content=\"https:\/\/www.yannarthusbertrandphoto.com\/fr\/produit\/marecage-afrique-du-sud\/\" \/>\n<meta property=\"og:site_name\" content=\"Yann Arthus-Bertrand\" \/>\n<meta property=\"article:publisher\" content=\"https:\/\/www.facebook.com\/Y.A.Bertrand\/\" \/>\n<meta property=\"article:modified_time\" content=\"2018-02-20T16:44:21+00:00\" \/>\n<meta property=\"og:image\" content=\"https:\/\/www.yannarthusbertrandphoto.com\/wp-content\/uploads\/2017\/12\/expo-tvdc-429.jpg\" \/>\n\t<meta property=\"og:image:width\" content=\"2000\" \/>\n\t<meta property=\"og:image:height\" content=\"1333\" \/>\n\t<meta property=\"og:image:type\" content=\"image\/jpeg\" \/>\n<meta name=\"twitter:card\" content=\"summary_large_image\" \/>\n<meta name=\"twitter:site\" content=\"@Yann_A_B\" \/>\n<meta name=\"twitter:label1\" content=\"Dur\u00e9e de lecture estim\u00e9e\" \/>\n\t<meta name=\"twitter:data1\" content=\"1 minute\" \/>\n<script type=\"application\/ld+json\" class=\"yoast-schema-graph\">{\"@context\":\"https:\/\/schema.org\",\"@graph\":[{\"@type\":\"WebPage\",\"@id\":\"https:\/\/www.yannarthusbertrandphoto.com\/fr\/produit\/marecage-afrique-du-sud\/\",\"url\":\"https:\/\/www.yannarthusbertrandphoto.com\/fr\/produit\/marecage-afrique-du-sud\/\",\"name\":\"Mar\u00e9cage - Yann Arthus-Bertrand Photographie\",\"isPartOf\":{\"@id\":\"https:\/\/www.yannarthusbertrandphoto.com\/fr\/#website\"},\"datePublished\":\"2017-12-07T20:56:25+00:00\",\"dateModified\":\"2018-02-20T16:44:21+00:00\",\"description\":\"Au nord du Cap, ce parc national abrite la lagune de Langebaan, une vaste zone humide o\u00f9 nichent plus de 55 000 oiseaux. Beaucoup d\u2019entre eux sont des migrateurs venus de l\u2019Arctique et de l\u2019Antarctique pour b\u00e9n\u00e9ficier de l\u2019\u00e9t\u00e9 austral. Avec 200 r\u00e9serves et parcs nationaux s\u2019\u00e9tendant sur pr\u00e8s de 70 000 km2...\",\"breadcrumb\":{\"@id\":\"https:\/\/www.yannarthusbertrandphoto.com\/fr\/produit\/marecage-afrique-du-sud\/#breadcrumb\"},\"inLanguage\":\"fr-FR\",\"potentialAction\":[{\"@type\":\"ReadAction\",\"target\":[\"https:\/\/www.yannarthusbertrandphoto.com\/fr\/produit\/marecage-afrique-du-sud\/\"]}]},{\"@type\":\"BreadcrumbList\",\"@id\":\"https:\/\/www.yannarthusbertrandphoto.com\/fr\/produit\/marecage-afrique-du-sud\/#breadcrumb\",\"itemListElement\":[{\"@type\":\"ListItem\",\"position\":1,\"name\":\"Accueil\",\"item\":\"https:\/\/www.yannarthusbertrandphoto.com\/fr\/\"},{\"@type\":\"ListItem\",\"position\":2,\"name\":\"Shop\",\"item\":\"https:\/\/www.yannarthusbertrandphoto.com\/fr\/shop\/\"},{\"@type\":\"ListItem\",\"position\":3,\"name\":\"Mar\u00e9cage\"}]},{\"@type\":\"WebSite\",\"@id\":\"https:\/\/www.yannarthusbertrandphoto.com\/fr\/#website\",\"url\":\"https:\/\/www.yannarthusbertrandphoto.com\/fr\/\",\"name\":\"Yann Arthus-Bertrand\",\"description\":\"Site officiel d\u00e9di\u00e9 \u00e0 l\u2019\u0153uvre photographique de Yann Arthus-Bertrand\",\"publisher\":{\"@id\":\"https:\/\/www.yannarthusbertrandphoto.com\/fr\/#organization\"},\"potentialAction\":[{\"@type\":\"SearchAction\",\"target\":{\"@type\":\"EntryPoint\",\"urlTemplate\":\"https:\/\/www.yannarthusbertrandphoto.com\/fr\/?s={search_term_string}\"},\"query-input\":\"required name=search_term_string\"}],\"inLanguage\":\"fr-FR\"},{\"@type\":\"Organization\",\"@id\":\"https:\/\/www.yannarthusbertrandphoto.com\/fr\/#organization\",\"name\":\"Alfie Be\",\"url\":\"https:\/\/www.yannarthusbertrandphoto.com\/fr\/\",\"logo\":{\"@type\":\"ImageObject\",\"inLanguage\":\"fr-FR\",\"@id\":\"https:\/\/www.yannarthusbertrandphoto.com\/fr\/#\/schema\/logo\/image\/\",\"url\":\"https:\/\/www.yannarthusbertrandphoto.com\/wp-content\/uploads\/2018\/01\/yab_logo_black.svg\",\"contentUrl\":\"https:\/\/www.yannarthusbertrandphoto.com\/wp-content\/uploads\/2018\/01\/yab_logo_black.svg\",\"caption\":\"Alfie Be\"},\"image\":{\"@id\":\"https:\/\/www.yannarthusbertrandphoto.com\/fr\/#\/schema\/logo\/image\/\"},\"sameAs\":[\"https:\/\/www.instagram.com\/yannarthusbertrand\/\",\"https:\/\/www.youtube.com\/user\/yannarthusbertrand\",\"https:\/\/www.facebook.com\/Y.A.Bertrand\/\",\"https:\/\/twitter.com\/Yann_A_B\"]}]}<\/script>\n<!-- \/ Yoast SEO plugin. -->","yoast_head_json":{"title":"Mar\u00e9cage - Yann Arthus-Bertrand Photographie","description":"Au nord du Cap, ce parc national abrite la lagune de Langebaan, une vaste zone humide o\u00f9 nichent plus de 55 000 oiseaux. Beaucoup d\u2019entre eux sont des migrateurs venus de l\u2019Arctique et de l\u2019Antarctique pour b\u00e9n\u00e9ficier de l\u2019\u00e9t\u00e9 austral. Avec 200 r\u00e9serves et parcs nationaux s\u2019\u00e9tendant sur pr\u00e8s de 70 000 km2...","robots":{"index":"index","follow":"follow","max-snippet":"max-snippet:-1","max-image-preview":"max-image-preview:large","max-video-preview":"max-video-preview:-1"},"canonical":"https:\/\/www.yannarthusbertrandphoto.com\/fr\/produit\/marecage-afrique-du-sud\/","og_locale":"fr_FR","og_type":"article","og_title":"Mar\u00e9cage - Yann Arthus-Bertrand Photographie","og_description":"Au nord du Cap, ce parc national abrite la lagune de Langebaan, une vaste zone humide o\u00f9 nichent plus de 55 000 oiseaux. Beaucoup d\u2019entre eux sont des migrateurs venus de l\u2019Arctique et de l\u2019Antarctique pour b\u00e9n\u00e9ficier de l\u2019\u00e9t\u00e9 austral. Avec 200 r\u00e9serves et parcs nationaux s\u2019\u00e9tendant sur pr\u00e8s de 70 000 km2...","og_url":"https:\/\/www.yannarthusbertrandphoto.com\/fr\/produit\/marecage-afrique-du-sud\/","og_site_name":"Yann Arthus-Bertrand","article_publisher":"https:\/\/www.facebook.com\/Y.A.Bertrand\/","article_modified_time":"2018-02-20T16:44:21+00:00","og_image":[{"width":2000,"height":1333,"url":"https:\/\/www.yannarthusbertrandphoto.com\/wp-content\/uploads\/2017\/12\/expo-tvdc-429.jpg","type":"image\/jpeg"}],"twitter_card":"summary_large_image","twitter_site":"@Yann_A_B","twitter_misc":{"Dur\u00e9e de lecture estim\u00e9e":"1 minute"},"schema":{"@context":"https:\/\/schema.org","@graph":[{"@type":"WebPage","@id":"https:\/\/www.yannarthusbertrandphoto.com\/fr\/produit\/marecage-afrique-du-sud\/","url":"https:\/\/www.yannarthusbertrandphoto.com\/fr\/produit\/marecage-afrique-du-sud\/","name":"Mar\u00e9cage - Yann Arthus-Bertrand Photographie","isPartOf":{"@id":"https:\/\/www.yannarthusbertrandphoto.com\/fr\/#website"},"datePublished":"2017-12-07T20:56:25+00:00","dateModified":"2018-02-20T16:44:21+00:00","description":"Au nord du Cap, ce parc national abrite la lagune de Langebaan, une vaste zone humide o\u00f9 nichent plus de 55 000 oiseaux. Beaucoup d\u2019entre eux sont des migrateurs venus de l\u2019Arctique et de l\u2019Antarctique pour b\u00e9n\u00e9ficier de l\u2019\u00e9t\u00e9 austral. Avec 200 r\u00e9serves et parcs nationaux s\u2019\u00e9tendant sur pr\u00e8s de 70 000 km2...","breadcrumb":{"@id":"https:\/\/www.yannarthusbertrandphoto.com\/fr\/produit\/marecage-afrique-du-sud\/#breadcrumb"},"inLanguage":"fr-FR","potentialAction":[{"@type":"ReadAction","target":["https:\/\/www.yannarthusbertrandphoto.com\/fr\/produit\/marecage-afrique-du-sud\/"]}]},{"@type":"BreadcrumbList","@id":"https:\/\/www.yannarthusbertrandphoto.com\/fr\/produit\/marecage-afrique-du-sud\/#breadcrumb","itemListElement":[{"@type":"ListItem","position":1,"name":"Accueil","item":"https:\/\/www.yannarthusbertrandphoto.com\/fr\/"},{"@type":"ListItem","position":2,"name":"Shop","item":"https:\/\/www.yannarthusbertrandphoto.com\/fr\/shop\/"},{"@type":"ListItem","position":3,"name":"Mar\u00e9cage"}]},{"@type":"WebSite","@id":"https:\/\/www.yannarthusbertrandphoto.com\/fr\/#website","url":"https:\/\/www.yannarthusbertrandphoto.com\/fr\/","name":"Yann Arthus-Bertrand","description":"Site officiel d\u00e9di\u00e9 \u00e0 l\u2019\u0153uvre photographique de Yann Arthus-Bertrand","publisher":{"@id":"https:\/\/www.yannarthusbertrandphoto.com\/fr\/#organization"},"potentialAction":[{"@type":"SearchAction","target":{"@type":"EntryPoint","urlTemplate":"https:\/\/www.yannarthusbertrandphoto.com\/fr\/?s={search_term_string}"},"query-input":"required name=search_term_string"}],"inLanguage":"fr-FR"},{"@type":"Organization","@id":"https:\/\/www.yannarthusbertrandphoto.com\/fr\/#organization","name":"Alfie Be","url":"https:\/\/www.yannarthusbertrandphoto.com\/fr\/","logo":{"@type":"ImageObject","inLanguage":"fr-FR","@id":"https:\/\/www.yannarthusbertrandphoto.com\/fr\/#\/schema\/logo\/image\/","url":"https:\/\/www.yannarthusbertrandphoto.com\/wp-content\/uploads\/2018\/01\/yab_logo_black.svg","contentUrl":"https:\/\/www.yannarthusbertrandphoto.com\/wp-content\/uploads\/2018\/01\/yab_logo_black.svg","caption":"Alfie Be"},"image":{"@id":"https:\/\/www.yannarthusbertrandphoto.com\/fr\/#\/schema\/logo\/image\/"},"sameAs":["https:\/\/www.instagram.com\/yannarthusbertrand\/","https:\/\/www.youtube.com\/user\/yannarthusbertrand","https:\/\/www.facebook.com\/Y.A.Bertrand\/","https:\/\/twitter.com\/Yann_A_B"]}]}},"_links":{"self":[{"href":"https:\/\/www.yannarthusbertrandphoto.com\/fr\/wp-json\/wp\/v2\/product\/1735"}],"collection":[{"href":"https:\/\/www.yannarthusbertrandphoto.com\/fr\/wp-json\/wp\/v2\/product"}],"about":[{"href":"https:\/\/www.yannarthusbertrandphoto.com\/fr\/wp-json\/wp\/v2\/types\/product"}],"wp:featuredmedia":[{"embeddable":true,"href":"https:\/\/www.yannarthusbertrandphoto.com\/fr\/wp-json\/wp\/v2\/media\/1736"}],"wp:attachment":[{"href":"https:\/\/www.yannarthusbertrandphoto.com\/fr\/wp-json\/wp\/v2\/media?parent=1735"}],"wp:term":[{"taxonomy":"product_cat","embeddable":true,"href":"https:\/\/www.yannarthusbertrandphoto.com\/fr\/wp-json\/wp\/v2\/product_cat?post=1735"},{"taxonomy":"product_tag","embeddable":true,"href":"https:\/\/www.yannarthusbertrandphoto.com\/fr\/wp-json\/wp\/v2\/product_tag?post=1735"}],"curies":[{"name":"wp","href":"https:\/\/api.w.org\/{rel}","templated":true}]}}

Marécage

<p>Au nord du Cap, ce parc national abrite la lagune de Langebaan, une vaste zone humide où nichent plus de 55 000 oiseaux. Beaucoup d’entre eux sont des migrateurs venus de l’Arctique et de l’Antarctique pour bénéficier de l’été austral. Avec 200 réserves et parcs nationaux s’étendant sur près de 70 000 km2 (près de 6 % de la surface du pays), l’Afrique du Sud est l’un des plus importants sanctuaires de la vie sauvage de la planète. Il est ainsi possible d’y observer les « cinq grands » (<em>big five </em>en anglais) : le lion, le léopard, l’éléphant, le rhinocéros et le buffle. Ce pays est un pionnier en matière de politique de conservation de la nature : la création pour et par les chasseurs blancs du premier parc national, le parc Kruger, remonte à la fin du XIXe siècle. Aujourd’hui, le safari photographique a pour l’essentiel remplacé la chasse. Cette activité est très importante : quelque 7 millions de touristes viennent chaque année pour découvrir la faune sauvage africaine. Sous la houlette de l’Afrique du Sud, d’autres pays d’Afrique australe développent en commun leurs aires protégées afin de créer de vastes parcs transfrontaliers (<em>Transfrontier Peace Park</em>), plus à même d’offrir de grands espaces à des animaux qui se déplacent en ignorant les frontières.</p>

<p>Paysage marécageux du parc national de la Côte Ouest, République d’Afrique du Sud (33°11’ S – 18°06’ E).</p>

<!-- This site is optimized with the Yoast SEO plugin v19.10 - https://yoast.com/wordpress/plugins/seo/ -->
<title>Marécage - Yann Arthus-Bertrand Photographie</title>
<meta name="description" content="Au nord du Cap, ce parc national abrite la lagune de Langebaan, une vaste zone humide où nichent plus de 55 000 oiseaux. Beaucoup d’entre eux sont des migrateurs venus de l’Arctique et de l’Antarctique pour bénéficier de l’été austral. Avec 200 réserves et parcs nationaux s’étendant sur près de 70 000 km2..." />
<meta name="robots" content="index, follow, max-snippet:-1, max-image-preview:large, max-video-preview:-1" />
<link rel="canonical" href="https://www.yannarthusbertrandphoto.com/fr/produit/marecage-afrique-du-sud/" />
<meta property="og:locale" content="fr_FR" />
<meta property="og:type" content="article" />
<meta property="og:title" content="Marécage - Yann Arthus-Bertrand Photographie" />
<meta property="og:description" content="Au nord du Cap, ce parc national abrite la lagune de Langebaan, une vaste zone humide où nichent plus de 55 000 oiseaux. Beaucoup d’entre eux sont des migrateurs venus de l’Arctique et de l’Antarctique pour bénéficier de l’été austral. Avec 200 réserves et parcs nationaux s’étendant sur près de 70 000 km2..." />
<meta property="og:url" content="https://www.yannarthusbertrandphoto.com/fr/produit/marecage-afrique-du-sud/" />
<meta property="og:site_name" content="Yann Arthus-Bertrand" />
<meta property="article:publisher" content="https://www.facebook.com/Y.A.Bertrand/" />
<meta property="article:modified_time" content="2018-02-20T16:44:21+00:00" />
<meta property="og:image" content="https://www.yannarthusbertrandphoto.com/wp-content/uploads/2017/12/expo-tvdc-429.jpg" />
	<meta property="og:image:width" content="2000" />
	<meta property="og:image:height" content="1333" />
	<meta property="og:image:type" content="image/jpeg" />
<meta name="twitter:card" content="summary_large_image" />
<meta name="twitter:site" content="@Yann_A_B" />
<meta name="twitter:label1" content="Durée de lecture estimée" />
	<meta name="twitter:data1" content="1 minute" />
<script type="application/ld+json" class="yoast-schema-graph">{"@context":"https://schema.org","@graph":[{"@type":"WebPage","@id":"https://www.yannarthusbertrandphoto.com/fr/produit/marecage-afrique-du-sud/","url":"https://www.yannarthusbertrandphoto.com/fr/produit/marecage-afrique-du-sud/","name":"Marécage - Yann Arthus-Bertrand Photographie","isPartOf":{"@id":"https://www.yannarthusbertrandphoto.com/fr/#website"},"datePublished":"2017-12-07T20:56:25+00:00","dateModified":"2018-02-20T16:44:21+00:00","description":"Au nord du Cap, ce parc national abrite la lagune de Langebaan, une vaste zone humide où nichent plus de 55 000 oiseaux. Beaucoup d’entre eux sont des migrateurs venus de l’Arctique et de l’Antarctique pour bénéficier de l’été austral. Avec 200 réserves et parcs nationaux s’étendant sur près de 70 000 km2...","breadcrumb":{"@id":"https://www.yannarthusbertrandphoto.com/fr/produit/marecage-afrique-du-sud/#breadcrumb"},"inLanguage":"fr-FR","potentialAction":[{"@type":"ReadAction","target":["https://www.yannarthusbertrandphoto.com/fr/produit/marecage-afrique-du-sud/"]}]},{"@type":"BreadcrumbList","@id":"https://www.yannarthusbertrandphoto.com/fr/produit/marecage-afrique-du-sud/#breadcrumb","itemListElement":[{"@type":"ListItem","position":1,"name":"Accueil","item":"https://www.yannarthusbertrandphoto.com/fr/"},{"@type":"ListItem","position":2,"name":"Shop","item":"https://www.yannarthusbertrandphoto.com/fr/shop/"},{"@type":"ListItem","position":3,"name":"Marécage"}]},{"@type":"WebSite","@id":"https://www.yannarthusbertrandphoto.com/fr/#website","url":"https://www.yannarthusbertrandphoto.com/fr/","name":"Yann Arthus-Bertrand","description":"Site officiel dédié à l’œuvre photographique de Yann Arthus-Bertrand","publisher":{"@id":"https://www.yannarthusbertrandphoto.com/fr/#organization"},"potentialAction":[{"@type":"SearchAction","target":{"@type":"EntryPoint","urlTemplate":"https://www.yannarthusbertrandphoto.com/fr/?s={search_term_string}"},"query-input":"required name=search_term_string"}],"inLanguage":"fr-FR"},{"@type":"Organization","@id":"https://www.yannarthusbertrandphoto.com/fr/#organization","name":"Alfie Be","url":"https://www.yannarthusbertrandphoto.com/fr/","logo":{"@type":"ImageObject","inLanguage":"fr-FR","@id":"https://www.yannarthusbertrandphoto.com/fr/#/schema/logo/image/","url":"https://www.yannarthusbertrandphoto.com/wp-content/uploads/2018/01/yab_logo_black.svg","contentUrl":"https://www.yannarthusbertrandphoto.com/wp-content/uploads/2018/01/yab_logo_black.svg","caption":"Alfie Be"},"image":{"@id":"https://www.yannarthusbertrandphoto.com/fr/#/schema/logo/image/"},"sameAs":["https://www.instagram.com/yannarthusbertrand/","https://www.youtube.com/user/yannarthusbertrand","https://www.facebook.com/Y.A.Bertrand/","https://twitter.com/Yann_A_B"]}]}</script>
<!-- / Yoast SEO plugin. -->

Marécage - Yann Arthus-Bertrand Photographie

Au nord du Cap, ce parc national abrite la lagune de Langebaan, une vaste zone humide où nichent plus de 55 000 oiseaux. Beaucoup d’entre eux sont des migrateurs venus de l’Arctique et de l’Antarctique pour bénéficier de l’été austral. Avec 200 réserves et parcs nationaux s’étendant sur près de 70 000 km2...

Site officiel dédié à l’œuvre photographique de Yann Arthus-Bertrand
