{"id":4350,"date":"2017-12-23T00:39:16","date_gmt":"2017-12-22T23:39:16","guid":{"rendered":"https:\/\/www.yannarthusbertrandphoto.com\/?post_type=product&#038;p=4350"},"modified":"2019-02-08T16:15:42","modified_gmt":"2019-02-08T15:15:42","slug":"ibis-rouge","status":"publish","type":"product","link":"https:\/\/www.yannarthusbertrandphoto.com\/fr\/produit\/ibis-rouge\/","title":{"rendered":"Ibis Rouge"},"content":{"rendered":"<p>Depuis la r\u00e9gion des Llanos jusqu\u2019au delta Amacuro qui constitue l\u2019embouchure du fleuve Or\u00e9noque, plus d\u2019un tiers de la superficie du Venezuela est form\u00e9 de zones humides, habitat favori des ibis rouges (Eudocimus ruber). Ces \u00e9chassiers nichent en colonies importantes dans les pal\u00e9tuviers des mangroves et ne se d\u00e9placent que de quelques kilom\u00e8tres pour se nourrir.<\/p>\n<p>Le carot\u00e8ne issu des crevettes, des crabes et autres crustac\u00e9s qu\u2019ils consomment contribue \u00e0 donner \u00e0 l\u2019esp\u00e8ce sa pigmentation caract\u00e9ristique. Les plumes d\u2019ibis rouges, nagu\u00e8re utilis\u00e9es par les populations autochtones pour confectionner des manteaux et des parures, entrent d\u00e9sormais dans la fabrication artisanale de fleurs artificielles.<\/p>\n<p>Convoit\u00e9 tant pour ses plumes que pour sa chair, cet oiseau n\u2019est toutefois pas selon les crit\u00e8res de l\u2019UICN aujourd\u2019hui menac\u00e9 ; il resterait actuellement moins de 200 000 repr\u00e9sentants de l\u2019esp\u00e8ce dans l\u2019ensemble de son aire de r\u00e9partition, en Am\u00e9rique centrale et en Am\u00e9rique du Sud.<\/p>\n","protected":false},"excerpt":{"rendered":"<p>Vol d\u2019ibis rouges pr\u00e8s de Pedernales, delta Amacuro, Venezuela (9\u00b057\u2019 N \u2013 62\u00b021\u2019 O).<\/p>\n","protected":false},"featured_media":4351,"template":"","meta":{"inline_featured_image":false},"product_cat":[212],"product_tag":[],"yoast_head":"<!-- This site is optimized with the Yoast SEO plugin v19.10 - https:\/\/yoast.com\/wordpress\/plugins\/seo\/ -->\n<title>Ibis Rouge - Yann Arthus-Bertrand<\/title>\n<meta name=\"robots\" content=\"index, follow, max-snippet:-1, max-image-preview:large, max-video-preview:-1\" \/>\n<link rel=\"canonical\" href=\"https:\/\/www.yannarthusbertrandphoto.com\/fr\/produit\/ibis-rouge\/\" \/>\n<meta property=\"og:locale\" content=\"fr_FR\" \/>\n<meta property=\"og:type\" content=\"article\" \/>\n<meta property=\"og:title\" content=\"Ibis Rouge - Yann Arthus-Bertrand\" \/>\n<meta property=\"og:description\" content=\"Vol d\u2019ibis rouges pr\u00e8s de Pedernales, delta Amacuro, Venezuela (9\u00b057\u2019 N \u2013 62\u00b021\u2019 O).\" \/>\n<meta property=\"og:url\" content=\"https:\/\/www.yannarthusbertrandphoto.com\/fr\/produit\/ibis-rouge\/\" \/>\n<meta property=\"og:site_name\" content=\"Yann Arthus-Bertrand\" \/>\n<meta property=\"article:publisher\" content=\"https:\/\/www.facebook.com\/Y.A.Bertrand\/\" \/>\n<meta property=\"article:modified_time\" content=\"2019-02-08T15:15:42+00:00\" \/>\n<meta property=\"og:image\" content=\"https:\/\/www.yannarthusbertrandphoto.com\/wp-content\/uploads\/2017\/12\/ibis_rouge.jpg\" \/>\n\t<meta property=\"og:image:width\" content=\"2000\" \/>\n\t<meta property=\"og:image:height\" content=\"1333\" \/>\n\t<meta property=\"og:image:type\" content=\"image\/jpeg\" \/>\n<meta name=\"twitter:card\" content=\"summary_large_image\" \/>\n<meta name=\"twitter:site\" content=\"@Yann_A_B\" \/>\n<meta name=\"twitter:label1\" content=\"Dur\u00e9e de lecture estim\u00e9e\" \/>\n\t<meta name=\"twitter:data1\" content=\"1 minute\" \/>\n<script type=\"application\/ld+json\" class=\"yoast-schema-graph\">{\"@context\":\"https:\/\/schema.org\",\"@graph\":[{\"@type\":\"WebPage\",\"@id\":\"https:\/\/www.yannarthusbertrandphoto.com\/fr\/produit\/ibis-rouge\/\",\"url\":\"https:\/\/www.yannarthusbertrandphoto.com\/fr\/produit\/ibis-rouge\/\",\"name\":\"Ibis Rouge - Yann Arthus-Bertrand\",\"isPartOf\":{\"@id\":\"https:\/\/www.yannarthusbertrandphoto.com\/fr\/#website\"},\"datePublished\":\"2017-12-22T23:39:16+00:00\",\"dateModified\":\"2019-02-08T15:15:42+00:00\",\"breadcrumb\":{\"@id\":\"https:\/\/www.yannarthusbertrandphoto.com\/fr\/produit\/ibis-rouge\/#breadcrumb\"},\"inLanguage\":\"fr-FR\",\"potentialAction\":[{\"@type\":\"ReadAction\",\"target\":[\"https:\/\/www.yannarthusbertrandphoto.com\/fr\/produit\/ibis-rouge\/\"]}]},{\"@type\":\"BreadcrumbList\",\"@id\":\"https:\/\/www.yannarthusbertrandphoto.com\/fr\/produit\/ibis-rouge\/#breadcrumb\",\"itemListElement\":[{\"@type\":\"ListItem\",\"position\":1,\"name\":\"Accueil\",\"item\":\"https:\/\/www.yannarthusbertrandphoto.com\/fr\/\"},{\"@type\":\"ListItem\",\"position\":2,\"name\":\"Shop\",\"item\":\"https:\/\/www.yannarthusbertrandphoto.com\/fr\/shop\/\"},{\"@type\":\"ListItem\",\"position\":3,\"name\":\"Ibis Rouge\"}]},{\"@type\":\"WebSite\",\"@id\":\"https:\/\/www.yannarthusbertrandphoto.com\/fr\/#website\",\"url\":\"https:\/\/www.yannarthusbertrandphoto.com\/fr\/\",\"name\":\"Yann Arthus-Bertrand\",\"description\":\"Site officiel d\u00e9di\u00e9 \u00e0 l\u2019\u0153uvre photographique de Yann Arthus-Bertrand\",\"publisher\":{\"@id\":\"https:\/\/www.yannarthusbertrandphoto.com\/fr\/#organization\"},\"potentialAction\":[{\"@type\":\"SearchAction\",\"target\":{\"@type\":\"EntryPoint\",\"urlTemplate\":\"https:\/\/www.yannarthusbertrandphoto.com\/fr\/?s={search_term_string}\"},\"query-input\":\"required name=search_term_string\"}],\"inLanguage\":\"fr-FR\"},{\"@type\":\"Organization\",\"@id\":\"https:\/\/www.yannarthusbertrandphoto.com\/fr\/#organization\",\"name\":\"Alfie Be\",\"url\":\"https:\/\/www.yannarthusbertrandphoto.com\/fr\/\",\"logo\":{\"@type\":\"ImageObject\",\"inLanguage\":\"fr-FR\",\"@id\":\"https:\/\/www.yannarthusbertrandphoto.com\/fr\/#\/schema\/logo\/image\/\",\"url\":\"https:\/\/www.yannarthusbertrandphoto.com\/wp-content\/uploads\/2018\/01\/yab_logo_black.svg\",\"contentUrl\":\"https:\/\/www.yannarthusbertrandphoto.com\/wp-content\/uploads\/2018\/01\/yab_logo_black.svg\",\"caption\":\"Alfie Be\"},\"image\":{\"@id\":\"https:\/\/www.yannarthusbertrandphoto.com\/fr\/#\/schema\/logo\/image\/\"},\"sameAs\":[\"https:\/\/www.instagram.com\/yannarthusbertrand\/\",\"https:\/\/www.youtube.com\/user\/yannarthusbertrand\",\"https:\/\/www.facebook.com\/Y.A.Bertrand\/\",\"https:\/\/twitter.com\/Yann_A_B\"]}]}<\/script>\n<!-- \/ Yoast SEO plugin. -->","yoast_head_json":{"title":"Ibis Rouge - Yann Arthus-Bertrand","robots":{"index":"index","follow":"follow","max-snippet":"max-snippet:-1","max-image-preview":"max-image-preview:large","max-video-preview":"max-video-preview:-1"},"canonical":"https:\/\/www.yannarthusbertrandphoto.com\/fr\/produit\/ibis-rouge\/","og_locale":"fr_FR","og_type":"article","og_title":"Ibis Rouge - Yann Arthus-Bertrand","og_description":"Vol d\u2019ibis rouges pr\u00e8s de Pedernales, delta Amacuro, Venezuela (9\u00b057\u2019 N \u2013 62\u00b021\u2019 O).","og_url":"https:\/\/www.yannarthusbertrandphoto.com\/fr\/produit\/ibis-rouge\/","og_site_name":"Yann Arthus-Bertrand","article_publisher":"https:\/\/www.facebook.com\/Y.A.Bertrand\/","article_modified_time":"2019-02-08T15:15:42+00:00","og_image":[{"width":2000,"height":1333,"url":"https:\/\/www.yannarthusbertrandphoto.com\/wp-content\/uploads\/2017\/12\/ibis_rouge.jpg","type":"image\/jpeg"}],"twitter_card":"summary_large_image","twitter_site":"@Yann_A_B","twitter_misc":{"Dur\u00e9e de lecture estim\u00e9e":"1 minute"},"schema":{"@context":"https:\/\/schema.org","@graph":[{"@type":"WebPage","@id":"https:\/\/www.yannarthusbertrandphoto.com\/fr\/produit\/ibis-rouge\/","url":"https:\/\/www.yannarthusbertrandphoto.com\/fr\/produit\/ibis-rouge\/","name":"Ibis Rouge - Yann Arthus-Bertrand","isPartOf":{"@id":"https:\/\/www.yannarthusbertrandphoto.com\/fr\/#website"},"datePublished":"2017-12-22T23:39:16+00:00","dateModified":"2019-02-08T15:15:42+00:00","breadcrumb":{"@id":"https:\/\/www.yannarthusbertrandphoto.com\/fr\/produit\/ibis-rouge\/#breadcrumb"},"inLanguage":"fr-FR","potentialAction":[{"@type":"ReadAction","target":["https:\/\/www.yannarthusbertrandphoto.com\/fr\/produit\/ibis-rouge\/"]}]},{"@type":"BreadcrumbList","@id":"https:\/\/www.yannarthusbertrandphoto.com\/fr\/produit\/ibis-rouge\/#breadcrumb","itemListElement":[{"@type":"ListItem","position":1,"name":"Accueil","item":"https:\/\/www.yannarthusbertrandphoto.com\/fr\/"},{"@type":"ListItem","position":2,"name":"Shop","item":"https:\/\/www.yannarthusbertrandphoto.com\/fr\/shop\/"},{"@type":"ListItem","position":3,"name":"Ibis Rouge"}]},{"@type":"WebSite","@id":"https:\/\/www.yannarthusbertrandphoto.com\/fr\/#website","url":"https:\/\/www.yannarthusbertrandphoto.com\/fr\/","name":"Yann Arthus-Bertrand","description":"Site officiel d\u00e9di\u00e9 \u00e0 l\u2019\u0153uvre photographique de Yann Arthus-Bertrand","publisher":{"@id":"https:\/\/www.yannarthusbertrandphoto.com\/fr\/#organization"},"potentialAction":[{"@type":"SearchAction","target":{"@type":"EntryPoint","urlTemplate":"https:\/\/www.yannarthusbertrandphoto.com\/fr\/?s={search_term_string}"},"query-input":"required name=search_term_string"}],"inLanguage":"fr-FR"},{"@type":"Organization","@id":"https:\/\/www.yannarthusbertrandphoto.com\/fr\/#organization","name":"Alfie Be","url":"https:\/\/www.yannarthusbertrandphoto.com\/fr\/","logo":{"@type":"ImageObject","inLanguage":"fr-FR","@id":"https:\/\/www.yannarthusbertrandphoto.com\/fr\/#\/schema\/logo\/image\/","url":"https:\/\/www.yannarthusbertrandphoto.com\/wp-content\/uploads\/2018\/01\/yab_logo_black.svg","contentUrl":"https:\/\/www.yannarthusbertrandphoto.com\/wp-content\/uploads\/2018\/01\/yab_logo_black.svg","caption":"Alfie Be"},"image":{"@id":"https:\/\/www.yannarthusbertrandphoto.com\/fr\/#\/schema\/logo\/image\/"},"sameAs":["https:\/\/www.instagram.com\/yannarthusbertrand\/","https:\/\/www.youtube.com\/user\/yannarthusbertrand","https:\/\/www.facebook.com\/Y.A.Bertrand\/","https:\/\/twitter.com\/Yann_A_B"]}]}},"_links":{"self":[{"href":"https:\/\/www.yannarthusbertrandphoto.com\/fr\/wp-json\/wp\/v2\/product\/4350"}],"collection":[{"href":"https:\/\/www.yannarthusbertrandphoto.com\/fr\/wp-json\/wp\/v2\/product"}],"about":[{"href":"https:\/\/www.yannarthusbertrandphoto.com\/fr\/wp-json\/wp\/v2\/types\/product"}],"wp:featuredmedia":[{"embeddable":true,"href":"https:\/\/www.yannarthusbertrandphoto.com\/fr\/wp-json\/wp\/v2\/media\/4351"}],"wp:attachment":[{"href":"https:\/\/www.yannarthusbertrandphoto.com\/fr\/wp-json\/wp\/v2\/media?parent=4350"}],"wp:term":[{"taxonomy":"product_cat","embeddable":true,"href":"https:\/\/www.yannarthusbertrandphoto.com\/fr\/wp-json\/wp\/v2\/product_cat?post=4350"},{"taxonomy":"product_tag","embeddable":true,"href":"https:\/\/www.yannarthusbertrandphoto.com\/fr\/wp-json\/wp\/v2\/product_tag?post=4350"}],"curies":[{"name":"wp","href":"https:\/\/api.w.org\/{rel}","templated":true}]}}

<p>Depuis la région des Llanos jusqu’au delta Amacuro qui constitue l’embouchure du fleuve Orénoque, plus d’un tiers de la superficie du Venezuela est formé de zones humides, habitat favori des ibis rouges (Eudocimus ruber). Ces échassiers nichent en colonies importantes dans les palétuviers des mangroves et ne se déplacent que de quelques kilomètres pour se nourrir.</p>
<p>Le carotène issu des crevettes, des crabes et autres crustacés qu’ils consomment contribue à donner à l’espèce sa pigmentation caractéristique. Les plumes d’ibis rouges, naguère utilisées par les populations autochtones pour confectionner des manteaux et des parures, entrent désormais dans la fabrication artisanale de fleurs artificielles.</p>
<p>Convoité tant pour ses plumes que pour sa chair, cet oiseau n’est toutefois pas selon les critères de l’UICN aujourd’hui menacé ; il resterait actuellement moins de 200 000 représentants de l’espèce dans l’ensemble de son aire de répartition, en Amérique centrale et en Amérique du Sud.</p>

<p>Vol d’ibis rouges près de Pedernales, delta Amacuro, Venezuela (9°57’ N – 62°21’ O).</p>

<!-- This site is optimized with the Yoast SEO plugin v19.10 - https://yoast.com/wordpress/plugins/seo/ -->
<title>Ibis Rouge - Yann Arthus-Bertrand</title>
<meta name="robots" content="index, follow, max-snippet:-1, max-image-preview:large, max-video-preview:-1" />
<link rel="canonical" href="https://www.yannarthusbertrandphoto.com/fr/produit/ibis-rouge/" />
<meta property="og:locale" content="fr_FR" />
<meta property="og:type" content="article" />
<meta property="og:title" content="Ibis Rouge - Yann Arthus-Bertrand" />
<meta property="og:description" content="Vol d’ibis rouges près de Pedernales, delta Amacuro, Venezuela (9°57’ N – 62°21’ O)." />
<meta property="og:url" content="https://www.yannarthusbertrandphoto.com/fr/produit/ibis-rouge/" />
<meta property="og:site_name" content="Yann Arthus-Bertrand" />
<meta property="article:publisher" content="https://www.facebook.com/Y.A.Bertrand/" />
<meta property="article:modified_time" content="2019-02-08T15:15:42+00:00" />
<meta property="og:image" content="https://www.yannarthusbertrandphoto.com/wp-content/uploads/2017/12/ibis_rouge.jpg" />
	<meta property="og:image:width" content="2000" />
	<meta property="og:image:height" content="1333" />
	<meta property="og:image:type" content="image/jpeg" />
<meta name="twitter:card" content="summary_large_image" />
<meta name="twitter:site" content="@Yann_A_B" />
<meta name="twitter:label1" content="Durée de lecture estimée" />
	<meta name="twitter:data1" content="1 minute" />
<script type="application/ld+json" class="yoast-schema-graph">{"@context":"https://schema.org","@graph":[{"@type":"WebPage","@id":"https://www.yannarthusbertrandphoto.com/fr/produit/ibis-rouge/","url":"https://www.yannarthusbertrandphoto.com/fr/produit/ibis-rouge/","name":"Ibis Rouge - Yann Arthus-Bertrand","isPartOf":{"@id":"https://www.yannarthusbertrandphoto.com/fr/#website"},"datePublished":"2017-12-22T23:39:16+00:00","dateModified":"2019-02-08T15:15:42+00:00","breadcrumb":{"@id":"https://www.yannarthusbertrandphoto.com/fr/produit/ibis-rouge/#breadcrumb"},"inLanguage":"fr-FR","potentialAction":[{"@type":"ReadAction","target":["https://www.yannarthusbertrandphoto.com/fr/produit/ibis-rouge/"]}]},{"@type":"BreadcrumbList","@id":"https://www.yannarthusbertrandphoto.com/fr/produit/ibis-rouge/#breadcrumb","itemListElement":[{"@type":"ListItem","position":1,"name":"Accueil","item":"https://www.yannarthusbertrandphoto.com/fr/"},{"@type":"ListItem","position":2,"name":"Shop","item":"https://www.yannarthusbertrandphoto.com/fr/shop/"},{"@type":"ListItem","position":3,"name":"Ibis Rouge"}]},{"@type":"WebSite","@id":"https://www.yannarthusbertrandphoto.com/fr/#website","url":"https://www.yannarthusbertrandphoto.com/fr/","name":"Yann Arthus-Bertrand","description":"Site officiel dédié à l’œuvre photographique de Yann Arthus-Bertrand","publisher":{"@id":"https://www.yannarthusbertrandphoto.com/fr/#organization"},"potentialAction":[{"@type":"SearchAction","target":{"@type":"EntryPoint","urlTemplate":"https://www.yannarthusbertrandphoto.com/fr/?s={search_term_string}"},"query-input":"required name=search_term_string"}],"inLanguage":"fr-FR"},{"@type":"Organization","@id":"https://www.yannarthusbertrandphoto.com/fr/#organization","name":"Alfie Be","url":"https://www.yannarthusbertrandphoto.com/fr/","logo":{"@type":"ImageObject","inLanguage":"fr-FR","@id":"https://www.yannarthusbertrandphoto.com/fr/#/schema/logo/image/","url":"https://www.yannarthusbertrandphoto.com/wp-content/uploads/2018/01/yab_logo_black.svg","contentUrl":"https://www.yannarthusbertrandphoto.com/wp-content/uploads/2018/01/yab_logo_black.svg","caption":"Alfie Be"},"image":{"@id":"https://www.yannarthusbertrandphoto.com/fr/#/schema/logo/image/"},"sameAs":["https://www.instagram.com/yannarthusbertrand/","https://www.youtube.com/user/yannarthusbertrand","https://www.facebook.com/Y.A.Bertrand/","https://twitter.com/Yann_A_B"]}]}</script>
<!-- / Yoast SEO plugin. -->

Vol d’ibis rouges près de Pedernales, delta Amacuro, Venezuela (9°57’ N – 62°21’ O).

Site officiel dédié à l’œuvre photographique de Yann Arthus-Bertrand
